{"id":1268,"date":"2018-01-16T13:31:30","date_gmt":"2018-01-16T12:31:30","guid":{"rendered":"http:\/\/mostkrug.de\/A_Wordpress\/?page_id=1268"},"modified":"2018-01-17T09:02:16","modified_gmt":"2018-01-17T08:02:16","slug":"feiern-im-mostkrug","status":"publish","type":"page","link":"https:\/\/mostkrug.de\/A_Wordpress\/feiern-im-mostkrug\/","title":{"rendered":"Feiern im Mostkrug"},"content":{"rendered":"<p><strong>Feiern im Mostkrug<\/strong><br \/>\nFirmenessen, Geburtstagsfeiern, Taufe, Konfirmation, Kommunion, Jubil\u00e4en, Mostproben im Gew\u00f6lbekeller sind im Mostkrug etwas ganz Besonderes.<br \/>\nOb \u00e0 la carte Speisen oder ein individuelles Men\u00fc, gerne planen wir zusammen mit Ihnen einen unvergesslichen Tag im Mostkrug auf der Schw\u00e4bischen Alb.<\/p>\n<p>Gruppen ab 30 Personen gerne auch au\u00dferhalb der \u00d6ffnungszeiten.<\/p>\n<figure id=\"attachment_415\" aria-describedby=\"caption-attachment-415\" style=\"width: 300px\" class=\"wp-caption alignnone\"><img decoding=\"async\" loading=\"lazy\" class=\"size-medium wp-image-415\" src=\"http:\/\/mostkrug.de\/A_Wordpress\/wp-content\/uploads\/2016\/12\/Fest1-300x200.jpg\" alt=\"\" width=\"300\" height=\"200\" srcset=\"https:\/\/mostkrug.de\/A_Wordpress\/wp-content\/uploads\/2016\/12\/Fest1-300x200.jpg 300w, https:\/\/mostkrug.de\/A_Wordpress\/wp-content\/uploads\/2016\/12\/Fest1-600x400.jpg 600w, https:\/\/mostkrug.de\/A_Wordpress\/wp-content\/uploads\/2016\/12\/Fest1-768x512.jpg 768w, https:\/\/mostkrug.de\/A_Wordpress\/wp-content\/uploads\/2016\/12\/Fest1.jpg 1024w\" sizes=\"(max-width: 300px) 100vw, 300px\" \/><figcaption id=\"caption-attachment-415\" class=\"wp-caption-text\">Feiern im Mostkrug<\/figcaption><\/figure>\n<p><img decoding=\"async\" loading=\"lazy\" class=\"alignnone size-medium wp-image-416\" src=\"http:\/\/mostkrug.de\/A_Wordpress\/wp-content\/uploads\/2016\/12\/Fest2-300x200.jpg\" alt=\"\" width=\"300\" height=\"200\" srcset=\"https:\/\/mostkrug.de\/A_Wordpress\/wp-content\/uploads\/2016\/12\/Fest2-300x200.jpg 300w, https:\/\/mostkrug.de\/A_Wordpress\/wp-content\/uploads\/2016\/12\/Fest2-600x400.jpg 600w, https:\/\/mostkrug.de\/A_Wordpress\/wp-content\/uploads\/2016\/12\/Fest2-768x512.jpg 768w, https:\/\/mostkrug.de\/A_Wordpress\/wp-content\/uploads\/2016\/12\/Fest2.jpg 1024w\" sizes=\"(max-width: 300px) 100vw, 300px\" \/><\/p>\n<p>Zur Unterhaltung vermitteln wir auch Musiker oder Geschichtenerz\u00e4hler.<br \/>\n<a href=\"http:\/\/mostkrug.de\/A_Wordpress\/Veranstaltungen\" target=\"_blank\" rel=\"noopener\"><strong>Hier ein paar Fotos von Veranstaltungen.<\/strong><\/a><\/p>\n<p>&nbsp;<\/p>\n","protected":false},"excerpt":{"rendered":"<p>Feiern im Mostkrug Firmenessen, Geburtstagsfeiern, Taufe, Konfirmation, Kommunion, Jubil\u00e4en, Mostproben im Gew\u00f6lbekeller sind im Mostkrug etwas ganz Besonderes. Ob \u00e0 la carte Speisen oder ein individuelles Men\u00fc, gerne planen wir zusammen mit Ihnen einen unvergesslichen Tag im Mostkrug auf der<\/p>\n","protected":false},"author":1,"featured_media":0,"parent":0,"menu_order":0,"comment_status":"closed","ping_status":"closed","template":"","meta":{"ngg_post_thumbnail":0},"jetpack_sharing_enabled":true,"jetpack_shortlink":"https:\/\/wp.me\/P88xua-ks","_links":{"self":[{"href":"https:\/\/mostkrug.de\/A_Wordpress\/wp-json\/wp\/v2\/pages\/1268"}],"collection":[{"href":"https:\/\/mostkrug.de\/A_Wordpress\/wp-json\/wp\/v2\/pages"}],"about":[{"href":"https:\/\/mostkrug.de\/A_Wordpress\/wp-json\/wp\/v2\/types\/page"}],"author":[{"embeddable":true,"href":"https:\/\/mostkrug.de\/A_Wordpress\/wp-json\/wp\/v2\/users\/1"}],"replies":[{"embeddable":true,"href":"https:\/\/mostkrug.de\/A_Wordpress\/wp-json\/wp\/v2\/comments?post=1268"}],"version-history":[{"count":0,"href":"https:\/\/mostkrug.de\/A_Wordpress\/wp-json\/wp\/v2\/pages\/1268\/revisions"}],"wp:attachment":[{"href":"https:\/\/mostkrug.de\/A_Wordpress\/wp-json\/wp\/v2\/media?parent=1268"}],"curies":[{"name":"wp","href":"https:\/\/api.w.org\/{rel}","templated":true}]}}

<p><strong>Feiern im Mostkrug</strong><br />
Firmenessen, Geburtstagsfeiern, Taufe, Konfirmation, Kommunion, Jubiläen, Mostproben im Gewölbekeller sind im Mostkrug etwas ganz Besonderes.<br />
Ob à la carte Speisen oder ein individuelles Menü, gerne planen wir zusammen mit Ihnen einen unvergesslichen Tag im Mostkrug auf der Schwäbischen Alb.</p>
<p>Gruppen ab 30 Personen gerne auch außerhalb der Öffnungszeiten.</p>
<figure id="attachment_415" aria-describedby="caption-attachment-415" style="width: 300px" class="wp-caption alignnone"><img decoding="async" loading="lazy" class="size-medium wp-image-415" src="http://mostkrug.de/A_Wordpress/wp-content/uploads/2016/12/Fest1-300x200.jpg" alt="" width="300" height="200" srcset="https://mostkrug.de/A_Wordpress/wp-content/uploads/2016/12/Fest1-300x200.jpg 300w, https://mostkrug.de/A_Wordpress/wp-content/uploads/2016/12/Fest1-600x400.jpg 600w, https://mostkrug.de/A_Wordpress/wp-content/uploads/2016/12/Fest1-768x512.jpg 768w, https://mostkrug.de/A_Wordpress/wp-content/uploads/2016/12/Fest1.jpg 1024w" sizes="(max-width: 300px) 100vw, 300px" /><figcaption id="caption-attachment-415" class="wp-caption-text">Feiern im Mostkrug</figcaption></figure>
<p><img decoding="async" loading="lazy" class="alignnone size-medium wp-image-416" src="http://mostkrug.de/A_Wordpress/wp-content/uploads/2016/12/Fest2-300x200.jpg" alt="" width="300" height="200" srcset="https://mostkrug.de/A_Wordpress/wp-content/uploads/2016/12/Fest2-300x200.jpg 300w, https://mostkrug.de/A_Wordpress/wp-content/uploads/2016/12/Fest2-600x400.jpg 600w, https://mostkrug.de/A_Wordpress/wp-content/uploads/2016/12/Fest2-768x512.jpg 768w, https://mostkrug.de/A_Wordpress/wp-content/uploads/2016/12/Fest2.jpg 1024w" sizes="(max-width: 300px) 100vw, 300px" /></p>
<p>Zur Unterhaltung vermitteln wir auch Musiker oder Geschichtenerzähler.<br />
<a href="http://mostkrug.de/A_Wordpress/Veranstaltungen" target="_blank" rel="noopener"><strong>Hier ein paar Fotos von Veranstaltungen.</strong></a></p>
<p>&nbsp;</p>

<p>Feiern im Mostkrug Firmenessen, Geburtstagsfeiern, Taufe, Konfirmation, Kommunion, Jubiläen, Mostproben im Gewölbekeller sind im Mostkrug etwas ganz Besonderes. Ob à la carte Speisen oder ein individuelles Menü, gerne planen wir zusammen mit Ihnen einen unvergesslichen Tag im Mostkrug auf der</p>
