{"id":15,"date":"2016-11-21T17:28:15","date_gmt":"2016-11-21T16:28:15","guid":{"rendered":"http:\/\/www.thomas-dieterich.de\/A_Wordpress\/?page_id=15"},"modified":"2026-02-25T09:36:30","modified_gmt":"2026-02-25T08:36:30","slug":"oeffnungszeiten","status":"publish","type":"page","link":"https:\/\/mostkrug.de\/A_Wordpress\/oeffnungszeiten\/","title":{"rendered":"Termine"},"content":{"rendered":"<div class=\"entry-content clearfix\">\r\n<p>Im Mostkrug um 19 Uhr, &#8222;Sag mal &#8211; h\u00f6r mal!&#8220; geht es am Montag, 18. Mai, um das Thema &#8222;Braucht es den schw\u00e4ischen Dialek<\/p>\r\n<p><strong>Sommersaison 04.06.2026 bis 26.07.2026<\/strong><\/p>\r\n<p><strong>Herbst-Wintersaison 02.10.2026 bis 28.02.2027<\/strong><\/p>\r\n<p><strong>Weihnachtspause 14.12.\u00b426 bis 05.01.\u00b427<\/strong><\/p>\r\n<\/div>\r\n<div class=\"entry-content clearfix\">\r\n<p data-start=\"1224\" data-end=\"1305\"><a href=\"https:\/\/mostkrug.de\/A_Wordpress\/reservierungsanfrage-kontakt\/\" target=\"_blank\" rel=\"noopener\">Am besten gleich reservieren<\/a><\/p>\r\n<\/div>\r\n<hr>\r\n<p><span style=\"color: #ff0000;\"><strong>Es gibt einen weiteren Termin f\u00fcr Sag mal, h\u00f6r mal!&nbsp;<\/strong><\/span><\/p>\r\n<p>Bei einem weiteren Termin des Gespr\u00e4chsformats &#8222;Sag mal &#8211; h\u00f6r mal!&#8220; geht es am Montag, 18. Mai, um das Thema &#8222;Braucht es den schw\u00e4ischen Dialekt noch?&#8220; gehen. Unser Gastgeber, der Mostkrug-Wirt Thomas Dieterich, w\u00fcrde da eindeutig mit Ja antworten.<\/p>\r\n<p>Vielleicht gibt es ja aber auch andere Meinungen. Veranstaltungsort ist die Besenwirtschaft &#8222;Zum Mostkrug&#8220; in Erkenbrechtsweiler, Kirchstra\u00dfe 9.<\/p>\r\n<p>Los geht es um 19 Uhr. Die Moderatoren Rainer N\u00fcbel und Kai M\u00fcller wollen mit den Teilnehmerinnen und Teilnehmern ins Gespr\u00e4ch kommen. Alle Interessierten sind herzlich eingeladen. Eine Anmeldung ist nicht erforderlich.<\/p>\r\n<p>Freundliche Gr\u00fc\u00dfe<br>Kai M\u00fcller<br>Ressortleiter<\/p>\r\n<hr>\r\n<p><strong><a href=\"https:\/\/mostkrug.de\/A_Wordpress\/reservierungsanfrage-kontakt\/\">und hier zur Reservierungsanfrage<\/a><\/strong><\/p>\r\n","protected":false},"excerpt":{"rendered":"<p>Im Mostkrug um 19 Uhr, &#8222;Sag mal &#8211; h\u00f6r mal!&#8220; geht es am Montag, 18. Mai, um das Thema &#8222;Braucht es den schw\u00e4ischen Dialek Sommersaison 04.06.2026 bis 26.07.2026 Herbst-Wintersaison 02.10.2026 bis 28.02.2027 Weihnachtspause 14.12.\u00b426 bis 05.01.\u00b427 Am besten gleich reservieren<\/p>\n","protected":false},"author":1,"featured_media":0,"parent":0,"menu_order":0,"comment_status":"closed","ping_status":"closed","template":"","meta":{"ngg_post_thumbnail":0},"jetpack_sharing_enabled":true,"jetpack_shortlink":"https:\/\/wp.me\/P88xua-f","_links":{"self":[{"href":"https:\/\/mostkrug.de\/A_Wordpress\/wp-json\/wp\/v2\/pages\/15"}],"collection":[{"href":"https:\/\/mostkrug.de\/A_Wordpress\/wp-json\/wp\/v2\/pages"}],"about":[{"href":"https:\/\/mostkrug.de\/A_Wordpress\/wp-json\/wp\/v2\/types\/page"}],"author":[{"embeddable":true,"href":"https:\/\/mostkrug.de\/A_Wordpress\/wp-json\/wp\/v2\/users\/1"}],"replies":[{"embeddable":true,"href":"https:\/\/mostkrug.de\/A_Wordpress\/wp-json\/wp\/v2\/comments?post=15"}],"version-history":[{"count":74,"href":"https:\/\/mostkrug.de\/A_Wordpress\/wp-json\/wp\/v2\/pages\/15\/revisions"}],"predecessor-version":[{"id":82905,"href":"https:\/\/mostkrug.de\/A_Wordpress\/wp-json\/wp\/v2\/pages\/15\/revisions\/82905"}],"wp:attachment":[{"href":"https:\/\/mostkrug.de\/A_Wordpress\/wp-json\/wp\/v2\/media?parent=15"}],"curies":[{"name":"wp","href":"https:\/\/api.w.org\/{rel}","templated":true}]}}

<div class="entry-content clearfix">
<p>Im Mostkrug um 19 Uhr, &#8222;Sag mal &#8211; hör mal!&#8220; geht es am Montag, 18. Mai, um das Thema &#8222;Braucht es den schwäischen Dialek</p>
<p><strong>Sommersaison 04.06.2026 bis 26.07.2026</strong></p>
<p><strong>Herbst-Wintersaison 02.10.2026 bis 28.02.2027</strong></p>
<p><strong>Weihnachtspause 14.12.´26 bis 05.01.´27</strong></p>
</div>
<div class="entry-content clearfix">
<p data-start="1224" data-end="1305"><a href="https://mostkrug.de/A_Wordpress/reservierungsanfrage-kontakt/" target="_blank" rel="noopener">Am besten gleich reservieren</a></p>
</div>
<hr>
<p><span style="color: #ff0000;"><strong>Es gibt einen weiteren Termin für Sag mal, hör mal!&nbsp;</strong></span></p>
<p>Bei einem weiteren Termin des Gesprächsformats &#8222;Sag mal &#8211; hör mal!&#8220; geht es am Montag, 18. Mai, um das Thema &#8222;Braucht es den schwäischen Dialekt noch?&#8220; gehen. Unser Gastgeber, der Mostkrug-Wirt Thomas Dieterich, würde da eindeutig mit Ja antworten.</p>
<p>Vielleicht gibt es ja aber auch andere Meinungen. Veranstaltungsort ist die Besenwirtschaft &#8222;Zum Mostkrug&#8220; in Erkenbrechtsweiler, Kirchstraße 9.</p>
<p>Los geht es um 19 Uhr. Die Moderatoren Rainer Nübel und Kai Müller wollen mit den Teilnehmerinnen und Teilnehmern ins Gespräch kommen. Alle Interessierten sind herzlich eingeladen. Eine Anmeldung ist nicht erforderlich.</p>
<p>Freundliche Grüße<br>Kai Müller<br>Ressortleiter</p>
<hr>
<p><strong><a href="https://mostkrug.de/A_Wordpress/reservierungsanfrage-kontakt/">und hier zur Reservierungsanfrage</a></strong></p>

<p>Im Mostkrug um 19 Uhr, &#8222;Sag mal &#8211; hör mal!&#8220; geht es am Montag, 18. Mai, um das Thema &#8222;Braucht es den schwäischen Dialek Sommersaison 04.06.2026 bis 26.07.2026 Herbst-Wintersaison 02.10.2026 bis 28.02.2027 Weihnachtspause 14.12.´26 bis 05.01.´27 Am besten gleich reservieren</p>
