{"id":56,"date":"2016-11-22T08:33:48","date_gmt":"2016-11-22T07:33:48","guid":{"rendered":"http:\/\/www.thomas-dieterich.de\/A_Wordpress\/?page_id=56"},"modified":"2024-11-14T17:30:57","modified_gmt":"2024-11-14T16:30:57","slug":"ueber-uns","status":"publish","type":"page","link":"https:\/\/mostkrug.de\/A_Wordpress\/ueber-uns\/","title":{"rendered":"\u00dcber uns"},"content":{"rendered":"<p>Im November 2004 haben wir die Besenwirtschaft \u201eZum Mostkrug\u201c im Bauernhaus (Baujahr 1922) meiner Gro\u00dfeltern er\u00f6ffnet.<br \/>\nSeither freuen sich die G\u00e4ste \u00fcber die ausgesprochen liebenswerte Gastfreundschaft in unserem Haus.<\/p>\n<p>In vielen<a href=\"http:\/\/mostkrug.de\/A_Wordpress\/presse\/\"> Presseberichten<\/a>, einer Sendung des SWR Fernsehens und einer Radiosendung im SWR4 wurde vom Mostkrug berichtet.<br \/>\nWir freuen uns auf viele weitere sch\u00f6ne Jahre mit Ihnen als unseren G\u00e4sten.<\/p>\n<p><img decoding=\"async\" loading=\"lazy\" class=\"alignnone size-medium wp-image-82603\" src=\"https:\/\/mostkrug.de\/A_Wordpress\/wp-content\/uploads\/2024\/11\/Thomas-Ortsschild-225x300.jpg\" alt=\"\" width=\"225\" height=\"300\" srcset=\"https:\/\/mostkrug.de\/A_Wordpress\/wp-content\/uploads\/2024\/11\/Thomas-Ortsschild-225x300.jpg 225w, https:\/\/mostkrug.de\/A_Wordpress\/wp-content\/uploads\/2024\/11\/Thomas-Ortsschild-768x1024.jpg 768w, https:\/\/mostkrug.de\/A_Wordpress\/wp-content\/uploads\/2024\/11\/Thomas-Ortsschild-1152x1536.jpg 1152w, https:\/\/mostkrug.de\/A_Wordpress\/wp-content\/uploads\/2024\/11\/Thomas-Ortsschild-600x800.jpg 600w, https:\/\/mostkrug.de\/A_Wordpress\/wp-content\/uploads\/2024\/11\/Thomas-Ortsschild.jpg 1512w\" sizes=\"(max-width: 225px) 100vw, 225px\" \/><\/p>\n<p><a href=\"http:\/\/mostkrug.de\/A_Wordpress\/eine-geschichte-zum-hasus\/\" target=\"_blank\" rel=\"noopener\">und hier eine Geschichte (ca. 1946) zum Haus von meiner Tante Mina<\/a><\/p>\n","protected":false},"excerpt":{"rendered":"<p>Im November 2004 haben wir die Besenwirtschaft \u201eZum Mostkrug\u201c im Bauernhaus (Baujahr 1922) meiner Gro\u00dfeltern er\u00f6ffnet. Seither freuen sich die G\u00e4ste \u00fcber die ausgesprochen liebenswerte Gastfreundschaft in unserem Haus. In vielen Presseberichten, einer Sendung des SWR Fernsehens und einer Radiosendung<\/p>\n","protected":false},"author":1,"featured_media":0,"parent":0,"menu_order":0,"comment_status":"closed","ping_status":"closed","template":"","meta":{"ngg_post_thumbnail":0},"jetpack_sharing_enabled":true,"jetpack_shortlink":"https:\/\/wp.me\/P88xua-U","_links":{"self":[{"href":"https:\/\/mostkrug.de\/A_Wordpress\/wp-json\/wp\/v2\/pages\/56"}],"collection":[{"href":"https:\/\/mostkrug.de\/A_Wordpress\/wp-json\/wp\/v2\/pages"}],"about":[{"href":"https:\/\/mostkrug.de\/A_Wordpress\/wp-json\/wp\/v2\/types\/page"}],"author":[{"embeddable":true,"href":"https:\/\/mostkrug.de\/A_Wordpress\/wp-json\/wp\/v2\/users\/1"}],"replies":[{"embeddable":true,"href":"https:\/\/mostkrug.de\/A_Wordpress\/wp-json\/wp\/v2\/comments?post=56"}],"version-history":[{"count":2,"href":"https:\/\/mostkrug.de\/A_Wordpress\/wp-json\/wp\/v2\/pages\/56\/revisions"}],"predecessor-version":[{"id":82606,"href":"https:\/\/mostkrug.de\/A_Wordpress\/wp-json\/wp\/v2\/pages\/56\/revisions\/82606"}],"wp:attachment":[{"href":"https:\/\/mostkrug.de\/A_Wordpress\/wp-json\/wp\/v2\/media?parent=56"}],"curies":[{"name":"wp","href":"https:\/\/api.w.org\/{rel}","templated":true}]}}

Über uns

<p>Im November 2004 haben wir die Besenwirtschaft „Zum Mostkrug“ im Bauernhaus (Baujahr 1922) meiner Großeltern eröffnet.<br />
Seither freuen sich die Gäste über die ausgesprochen liebenswerte Gastfreundschaft in unserem Haus.</p>
<p>In vielen<a href="http://mostkrug.de/A_Wordpress/presse/"> Presseberichten</a>, einer Sendung des SWR Fernsehens und einer Radiosendung im SWR4 wurde vom Mostkrug berichtet.<br />
Wir freuen uns auf viele weitere schöne Jahre mit Ihnen als unseren Gästen.</p>
<p><img decoding="async" loading="lazy" class="alignnone size-medium wp-image-82603" src="https://mostkrug.de/A_Wordpress/wp-content/uploads/2024/11/Thomas-Ortsschild-225x300.jpg" alt="" width="225" height="300" srcset="https://mostkrug.de/A_Wordpress/wp-content/uploads/2024/11/Thomas-Ortsschild-225x300.jpg 225w, https://mostkrug.de/A_Wordpress/wp-content/uploads/2024/11/Thomas-Ortsschild-768x1024.jpg 768w, https://mostkrug.de/A_Wordpress/wp-content/uploads/2024/11/Thomas-Ortsschild-1152x1536.jpg 1152w, https://mostkrug.de/A_Wordpress/wp-content/uploads/2024/11/Thomas-Ortsschild-600x800.jpg 600w, https://mostkrug.de/A_Wordpress/wp-content/uploads/2024/11/Thomas-Ortsschild.jpg 1512w" sizes="(max-width: 225px) 100vw, 225px" /></p>
<p><a href="http://mostkrug.de/A_Wordpress/eine-geschichte-zum-hasus/" target="_blank" rel="noopener">und hier eine Geschichte (ca. 1946) zum Haus von meiner Tante Mina</a></p>

<p>Im November 2004 haben wir die Besenwirtschaft „Zum Mostkrug“ im Bauernhaus (Baujahr 1922) meiner Großeltern eröffnet. Seither freuen sich die Gäste über die ausgesprochen liebenswerte Gastfreundschaft in unserem Haus. In vielen Presseberichten, einer Sendung des SWR Fernsehens und einer Radiosendung</p>
