{"id":59,"date":"2016-11-22T08:36:37","date_gmt":"2016-11-22T07:36:37","guid":{"rendered":"http:\/\/www.thomas-dieterich.de\/A_Wordpress\/?page_id=59"},"modified":"2017-04-06T15:20:48","modified_gmt":"2017-04-06T13:20:48","slug":"eine-geschichte-zum-hasus","status":"publish","type":"page","link":"https:\/\/mostkrug.de\/A_Wordpress\/eine-geschichte-zum-hasus\/","title":{"rendered":"eine Geschichte zum Haus"},"content":{"rendered":"<p><strong>Eine kleine Geschichte zum Haus von meiner Tante Mina.<\/strong><\/p>\n<p>Unser Haus in Erkenbrechtsweiler wurde 1922 gebaut, es herrschte Inflation und man bekam fast kein<br \/>\nMaterial zum Bauen, so wie mein Vater erz\u00e4hlte.<\/p>\n<p>Es fehlte an manchem. Im oberen Stock ein Zimmer und zwei B\u00fchnen. Ums Haus einen gro\u00dfen Garten.<br \/>\nMan musste sparen. Zu der Zeit hatten wir zwei K\u00fche, eine Gei\u00df und ein Schwein. Wir besa\u00dfen ein paar \u00c4cker und Wiesen.<\/p>\n<p>Als meine Eltern sich mehr leisten konnten, bauten sie die B\u00fchnen oben aus.<br \/>\nMit drei Zimmer f\u00fcr uns Kinder.1931 und \u00b432 da kann ich mich gut erinnern.<\/p>\n<p>Mein Bruder Richard wurde 1922 geboren, Karl 1914. Oskar 1932.<br \/>\nVater ging ins Gesch\u00e4ft, Mutter machte Heim und Arbeit. So musste vor allem ich,<br \/>\nMina, geboren 1917, auch als Kind immer mit Hand anlegen im Haus und auf dem Feld.<\/p>\n<p>Wir hatten damals vier K\u00fche, zwei Gespanne und zwei Kleinvieh.<br \/>\nEin Schaf, eine Ziege und zwei Schweine. Da war immer was los. Vater lies die Schweine immer im Hof laufen.<\/p>\n<p>Ein Schwein mit drei Zentner durfte viel von dem Stall raus. Eines Tages ging sie auf die Miste,<br \/>\ndie Bretter brachen unter ihrem Gewicht und das Schwein flog in die Jauche.<br \/>\nZuf\u00e4llig war mein Vater in der N\u00e4he, es ging ein Geschrei los, wir mussten M\u00e4nner holen, Seile und Ketten.<br \/>\nEr stieg mit der Leiter in die Grube, die Sau schwamm rum, das war ein Gesch\u00e4ft bis sie wieder oben war.<br \/>\nDie M\u00e4nner mussten feste ziehen. Dann musste man mit viel Eimer Wasser sie putzen und sp\u00fclen, und Vater mit.<\/p>\n<p><img decoding=\"async\" loading=\"lazy\" class=\"alignnone wp-image-527\" src=\"http:\/\/mostkrug.de\/A_Wordpress\/wp-content\/uploads\/2016\/12\/Hinterm-Haus-300x195.jpg\" alt=\"\" width=\"427\" height=\"277\" srcset=\"https:\/\/mostkrug.de\/A_Wordpress\/wp-content\/uploads\/2016\/12\/Hinterm-Haus-300x195.jpg 300w, https:\/\/mostkrug.de\/A_Wordpress\/wp-content\/uploads\/2016\/12\/Hinterm-Haus-600x390.jpg 600w, https:\/\/mostkrug.de\/A_Wordpress\/wp-content\/uploads\/2016\/12\/Hinterm-Haus.jpg 640w\" sizes=\"(max-width: 427px) 100vw, 427px\" \/>&nbsp;<\/p>\n<p>Meine Gro\u00dfeltern Friederike und Karl, meine Tante Mina und vorne mein Vater Oskar Dieterich.<\/p>\n<p><img decoding=\"async\" loading=\"lazy\" class=\"alignnone wp-image-119\" src=\"http:\/\/www.thomas-dieterich.de\/A_Wordpress\/wp-content\/uploads\/2016\/11\/Scan21-212x300.jpg\" alt=\"scan21\" width=\"314\" height=\"444\" srcset=\"https:\/\/mostkrug.de\/A_Wordpress\/wp-content\/uploads\/2016\/11\/Scan21-212x300.jpg 212w, https:\/\/mostkrug.de\/A_Wordpress\/wp-content\/uploads\/2016\/11\/Scan21.jpg 530w\" sizes=\"(max-width: 314px) 100vw, 314px\" \/><\/p>\n<p>meine Tante Mina, ich und meine Oma<\/p>\n<p>So war halt immer was los, aber die Erinnerung bleibt.<br \/>\n1940 bekamen wir ein Ehepaar aus dem Rheinland, sie waren schon \u00e4lter. Frau K\u00e4the und Herr Peter, nette Leute.<br \/>\nDa war immer was los. Nette lustige Menschen.<\/p>\n<p>Nach dem Krieg konnten sie wieder heim. Sp\u00e4ter kam der Fl\u00fcchtlingsstrom von Osten,<br \/>\nwir mussten drei Leute nehmen. Eine Frau mit ihren zwei S\u00f6hnen.Es ging oft eng her.<\/p>\n<p>Mein Vater wurde B\u00fcrgermeister, so hatten wir viele Leute im Haus die nach dem Krieg um Rat und Hilfe fragten, wenn sie nicht auf das Rathaus wollten, sondern privat vorsprechen wollten.<\/p>\n<p>Oder, er brachte Leute zum Essen mit.<\/p>\n<p>Oft hatten wir Leute aus H\u00fclben. Bei Kriegsende war Erkenbrechtsweiler amerikanisch und H\u00fclben franz\u00f6sisch von den Besatzungsm\u00e4chten verwaltet. Manche konnten nach der Ausgangssperre nicht mehr auf der Stra\u00dfe heim, so mussten wir den Weg durch den Wald zeigen.<\/p>\n<p>Wir hatten ein offenes Haus.<\/p>\n<p>Es war trotz allem sch\u00f6n.<\/p>\n<p>Sr. Mina Dieterich<\/p>\n","protected":false},"excerpt":{"rendered":"<p>Eine kleine Geschichte zum Haus von meiner Tante Mina. Unser Haus in Erkenbrechtsweiler wurde 1922 gebaut, es herrschte Inflation und man bekam fast kein Material zum Bauen, so wie mein Vater erz\u00e4hlte. Es fehlte an manchem. Im oberen Stock ein<\/p>\n","protected":false},"author":1,"featured_media":0,"parent":0,"menu_order":0,"comment_status":"closed","ping_status":"closed","template":"","meta":{"ngg_post_thumbnail":0},"jetpack_sharing_enabled":true,"jetpack_shortlink":"https:\/\/wp.me\/P88xua-X","_links":{"self":[{"href":"https:\/\/mostkrug.de\/A_Wordpress\/wp-json\/wp\/v2\/pages\/59"}],"collection":[{"href":"https:\/\/mostkrug.de\/A_Wordpress\/wp-json\/wp\/v2\/pages"}],"about":[{"href":"https:\/\/mostkrug.de\/A_Wordpress\/wp-json\/wp\/v2\/types\/page"}],"author":[{"embeddable":true,"href":"https:\/\/mostkrug.de\/A_Wordpress\/wp-json\/wp\/v2\/users\/1"}],"replies":[{"embeddable":true,"href":"https:\/\/mostkrug.de\/A_Wordpress\/wp-json\/wp\/v2\/comments?post=59"}],"version-history":[{"count":0,"href":"https:\/\/mostkrug.de\/A_Wordpress\/wp-json\/wp\/v2\/pages\/59\/revisions"}],"wp:attachment":[{"href":"https:\/\/mostkrug.de\/A_Wordpress\/wp-json\/wp\/v2\/media?parent=59"}],"curies":[{"name":"wp","href":"https:\/\/api.w.org\/{rel}","templated":true}]}}

<p><strong>Eine kleine Geschichte zum Haus von meiner Tante Mina.</strong></p>
<p>Unser Haus in Erkenbrechtsweiler wurde 1922 gebaut, es herrschte Inflation und man bekam fast kein<br />
Material zum Bauen, so wie mein Vater erzählte.</p>
<p>Es fehlte an manchem. Im oberen Stock ein Zimmer und zwei Bühnen. Ums Haus einen großen Garten.<br />
Man musste sparen. Zu der Zeit hatten wir zwei Kühe, eine Geiß und ein Schwein. Wir besaßen ein paar Äcker und Wiesen.</p>
<p>Als meine Eltern sich mehr leisten konnten, bauten sie die Bühnen oben aus.<br />
Mit drei Zimmer für uns Kinder.1931 und ´32 da kann ich mich gut erinnern.</p>
<p>Mein Bruder Richard wurde 1922 geboren, Karl 1914. Oskar 1932.<br />
Vater ging ins Geschäft, Mutter machte Heim und Arbeit. So musste vor allem ich,<br />
Mina, geboren 1917, auch als Kind immer mit Hand anlegen im Haus und auf dem Feld.</p>
<p>Wir hatten damals vier Kühe, zwei Gespanne und zwei Kleinvieh.<br />
Ein Schaf, eine Ziege und zwei Schweine. Da war immer was los. Vater lies die Schweine immer im Hof laufen.</p>
<p>Ein Schwein mit drei Zentner durfte viel von dem Stall raus. Eines Tages ging sie auf die Miste,<br />
die Bretter brachen unter ihrem Gewicht und das Schwein flog in die Jauche.<br />
Zufällig war mein Vater in der Nähe, es ging ein Geschrei los, wir mussten Männer holen, Seile und Ketten.<br />
Er stieg mit der Leiter in die Grube, die Sau schwamm rum, das war ein Geschäft bis sie wieder oben war.<br />
Die Männer mussten feste ziehen. Dann musste man mit viel Eimer Wasser sie putzen und spülen, und Vater mit.</p>
<p><img decoding="async" loading="lazy" class="alignnone wp-image-527" src="http://mostkrug.de/A_Wordpress/wp-content/uploads/2016/12/Hinterm-Haus-300x195.jpg" alt="" width="427" height="277" srcset="https://mostkrug.de/A_Wordpress/wp-content/uploads/2016/12/Hinterm-Haus-300x195.jpg 300w, https://mostkrug.de/A_Wordpress/wp-content/uploads/2016/12/Hinterm-Haus-600x390.jpg 600w, https://mostkrug.de/A_Wordpress/wp-content/uploads/2016/12/Hinterm-Haus.jpg 640w" sizes="(max-width: 427px) 100vw, 427px" />&nbsp;</p>
<p>Meine Großeltern Friederike und Karl, meine Tante Mina und vorne mein Vater Oskar Dieterich.</p>
<p><img decoding="async" loading="lazy" class="alignnone wp-image-119" src="http://www.thomas-dieterich.de/A_Wordpress/wp-content/uploads/2016/11/Scan21-212x300.jpg" alt="scan21" width="314" height="444" srcset="https://mostkrug.de/A_Wordpress/wp-content/uploads/2016/11/Scan21-212x300.jpg 212w, https://mostkrug.de/A_Wordpress/wp-content/uploads/2016/11/Scan21.jpg 530w" sizes="(max-width: 314px) 100vw, 314px" /></p>
<p>meine Tante Mina, ich und meine Oma</p>
<p>So war halt immer was los, aber die Erinnerung bleibt.<br />
1940 bekamen wir ein Ehepaar aus dem Rheinland, sie waren schon älter. Frau Käthe und Herr Peter, nette Leute.<br />
Da war immer was los. Nette lustige Menschen.</p>
<p>Nach dem Krieg konnten sie wieder heim. Später kam der Flüchtlingsstrom von Osten,<br />
wir mussten drei Leute nehmen. Eine Frau mit ihren zwei Söhnen.Es ging oft eng her.</p>
<p>Mein Vater wurde Bürgermeister, so hatten wir viele Leute im Haus die nach dem Krieg um Rat und Hilfe fragten, wenn sie nicht auf das Rathaus wollten, sondern privat vorsprechen wollten.</p>
<p>Oder, er brachte Leute zum Essen mit.</p>
<p>Oft hatten wir Leute aus Hülben. Bei Kriegsende war Erkenbrechtsweiler amerikanisch und Hülben französisch von den Besatzungsmächten verwaltet. Manche konnten nach der Ausgangssperre nicht mehr auf der Straße heim, so mussten wir den Weg durch den Wald zeigen.</p>
<p>Wir hatten ein offenes Haus.</p>
<p>Es war trotz allem schön.</p>
<p>Sr. Mina Dieterich</p>

<p>Eine kleine Geschichte zum Haus von meiner Tante Mina. Unser Haus in Erkenbrechtsweiler wurde 1922 gebaut, es herrschte Inflation und man bekam fast kein Material zum Bauen, so wie mein Vater erzählte. Es fehlte an manchem. Im oberen Stock ein</p>
