{"id":601,"date":"2017-01-07T15:43:58","date_gmt":"2017-01-07T14:43:58","guid":{"rendered":"http:\/\/mostkrug.de\/A_Wordpress\/?page_id=601"},"modified":"2026-03-05T12:02:02","modified_gmt":"2026-03-05T11:02:02","slug":"aktuelles","status":"publish","type":"page","link":"https:\/\/mostkrug.de\/A_Wordpress\/aktuelles\/","title":{"rendered":"Aktuelles"},"content":{"rendered":"<div class=\"entry-content clearfix\">\n<p>Im Mostkrug um 19 Uhr, &#8222;Sag mal &#8211; h\u00f6r mal!&#8220; geht es am Montag, 18. Mai, um das Thema &#8222;Braucht es den schw\u00e4ischen Dialek<\/p>\n<p><strong>Sommersaison 04.06.2026 bis 26.07.2026<\/strong><\/p>\n<p><strong>Herbst-Wintersaison 02.10.2026 bis 28.02.2027<\/strong><\/p>\n<p><strong>Weihnachts-Pause&nbsp; &nbsp;14.12.\u00b426 bis 05.01.\u00b427<\/strong><\/p>\n<p><a href=\"https:\/\/mostkrug.de\/A_Wordpress\/reservierungsanfrage-kontakt\/\" target=\"_blank\" rel=\"noopener\">Am besten gleich reservieren<\/a><\/p>\n<\/div>\n<hr>\n<div class=\"entry-content clearfix\">&nbsp;<\/div>\n<p><span style=\"color: #ff0000;\"><strong>Es gibt einen weiteren Termin f\u00fcr Sag mal, h\u00f6r mal!&nbsp;<\/strong><\/span><\/p>\n<p>Bei einem weiteren Termin des Gespr\u00e4chsformats &#8222;Sag mal &#8211; h\u00f6r mal!&#8220; geht es am Montag, 18. Mai, um das Thema &#8222;Braucht es den schw\u00e4ischen Dialekt noch?&#8220; gehen. Unser Gastgeber, der Mostkrug-Wirt Thomas Dieterich, w\u00fcrde da eindeutig mit Ja antworten.<\/p>\n<p>Vielleicht gibt es ja aber auch andere Meinungen. Veranstaltungsort ist die Besenwirtschaft &#8222;Zum Mostkrug&#8220; in Erkenbrechtsweiler, Kirchstra\u00dfe 9.<\/p>\n<p>Los geht es um 19 Uhr. Die Moderatoren Rainer N\u00fcbel und Kai M\u00fcller wollen mit den Teilnehmerinnen und Teilnehmern ins Gespr\u00e4ch kommen. Alle Interessierten sind herzlich eingeladen. Eine Anmeldung ist nicht erforderlich.<\/p>\n<p>Freundliche Gr\u00fc\u00dfe<br \/>\nKai M\u00fcller<br \/>\nRessortleiter<\/p>\n<hr>\n<p>&nbsp;<\/p>\n<div class=\"entry-content clearfix\">\n<p><a href=\"https:\/\/mostkrug.de\/A_Wordpress\/ferienwohnung\/\" target=\"_blank\" rel=\"noopener\">Die Ferienwohnung im Mostkrug<\/a><\/p>\n<\/div>\n<p><img decoding=\"async\" loading=\"lazy\" class=\"alignnone size-medium wp-image-82603\" src=\"https:\/\/mostkrug.de\/A_Wordpress\/wp-content\/uploads\/2024\/11\/Thomas-Ortsschild-225x300.jpg\" alt=\"\" width=\"225\" height=\"300\" srcset=\"https:\/\/mostkrug.de\/A_Wordpress\/wp-content\/uploads\/2024\/11\/Thomas-Ortsschild-225x300.jpg 225w, https:\/\/mostkrug.de\/A_Wordpress\/wp-content\/uploads\/2024\/11\/Thomas-Ortsschild-768x1024.jpg 768w, https:\/\/mostkrug.de\/A_Wordpress\/wp-content\/uploads\/2024\/11\/Thomas-Ortsschild-1152x1536.jpg 1152w, https:\/\/mostkrug.de\/A_Wordpress\/wp-content\/uploads\/2024\/11\/Thomas-Ortsschild-600x800.jpg 600w, https:\/\/mostkrug.de\/A_Wordpress\/wp-content\/uploads\/2024\/11\/Thomas-Ortsschild.jpg 1512w\" sizes=\"(max-width: 225px) 100vw, 225px\" \/><\/p>\n<h4 class=\"entry-title\"><a href=\"https:\/\/mostkrug.de\/A_Wordpress\/unternehmungen-freizeit-tourismuss\/\" target=\"_blank\" rel=\"noopener\">Unternehmungen \/ Freizeit \/ Tourismus<\/a><\/h4>\n<h4><a href=\"https:\/\/mostkrug.de\/A_Wordpress\/wp-content\/uploads\/2023\/10\/Vegetarisch-Vegan-Herbst-Winter-2023.pdf\" target=\"_blank\" rel=\"noopener\">Zum Newsletter anmelden<\/a><\/h4>\n<p><strong class=\"mceContentBody \" dir=\"ltr\" title=\"\u00d6ffnungszeiten\"><a href=\"http:\/\/mostkrug.de\/A_Wordpress\/reservierungsanfrage-kontakt\/\" target=\"_blank\" rel=\"noopener noreferrer\">Hier ein Link zur Reservierungsanfrage.<\/a><\/strong><\/p>\nngg_shortcode_0_placeholder\n<h2 data-start=\"573\" data-end=\"621\"><strong data-start=\"576\" data-end=\"621\"><br \/>\nWas ganz spezielles in\/aus Erkenbrechtsweiler<\/strong><\/h2>\n<p><a href=\"https:\/\/mostkrug.de\/A_Wordpress\/wp-content\/uploads\/2023\/07\/BRAVO-PAPA-2040-by-Susanne-Horizon-Fraenzel-on-Vimeo.mp4\">Bravo Papa 2040 BR Deutschland \/ Erkenbrechtsweiler 1989 Kurz-Animationsfilm von Susanne Fr\u00e4nzel<\/a><\/p>\n<p class=\"style-scope ytd-watch-metadata\"><a href=\"https:\/\/www.youtube.com\/watch?v=CfZHISHvAvw&amp;t=49s\" target=\"_blank\" rel=\"noopener\"><strong>Deep Purple in Erkenbrechtsweiler<\/strong> (im Steinbruch) April P2 German TV 1970 Very Rare Footage!<\/a><\/p>\n<p>Mit der Klasse drei aus Erkenbrechtsweiler haben die Eltern, Kinder und ich ein klasse<br \/>\nApfelsaftprojekt auf die Beine gestellt.<\/p>\n<p><img decoding=\"async\" loading=\"lazy\" class=\"alignnone size-medium wp-image-81945\" src=\"https:\/\/mostkrug.de\/A_Wordpress\/wp-content\/uploads\/2022\/09\/IMG_9480-235x300.jpeg\" alt=\"\" width=\"235\" height=\"300\" srcset=\"https:\/\/mostkrug.de\/A_Wordpress\/wp-content\/uploads\/2022\/09\/IMG_9480-235x300.jpeg 235w, https:\/\/mostkrug.de\/A_Wordpress\/wp-content\/uploads\/2022\/09\/IMG_9480-600x765.jpeg 600w, https:\/\/mostkrug.de\/A_Wordpress\/wp-content\/uploads\/2022\/09\/IMG_9480.jpeg 750w\" sizes=\"(max-width: 235px) 100vw, 235px\" \/><\/p>\n<p>&nbsp;<\/p>\n","protected":false},"excerpt":{"rendered":"<p>Im Mostkrug um 19 Uhr, &#8222;Sag mal &#8211; h\u00f6r mal!&#8220; geht es am Montag, 18. Mai, um das Thema &#8222;Braucht es den schw\u00e4ischen Dialek Sommersaison 04.06.2026 bis 26.07.2026 Herbst-Wintersaison 02.10.2026 bis 28.02.2027 Weihnachts-Pause&nbsp; &nbsp;14.12.\u00b426 bis 05.01.\u00b427 Am besten gleich reservieren<\/p>\n","protected":false},"author":1,"featured_media":0,"parent":0,"menu_order":0,"comment_status":"closed","ping_status":"closed","template":"","meta":{"ngg_post_thumbnail":0},"jetpack_sharing_enabled":true,"jetpack_shortlink":"https:\/\/wp.me\/P88xua-9H","_links":{"self":[{"href":"https:\/\/mostkrug.de\/A_Wordpress\/wp-json\/wp\/v2\/pages\/601"}],"collection":[{"href":"https:\/\/mostkrug.de\/A_Wordpress\/wp-json\/wp\/v2\/pages"}],"about":[{"href":"https:\/\/mostkrug.de\/A_Wordpress\/wp-json\/wp\/v2\/types\/page"}],"author":[{"embeddable":true,"href":"https:\/\/mostkrug.de\/A_Wordpress\/wp-json\/wp\/v2\/users\/1"}],"replies":[{"embeddable":true,"href":"https:\/\/mostkrug.de\/A_Wordpress\/wp-json\/wp\/v2\/comments?post=601"}],"version-history":[{"count":98,"href":"https:\/\/mostkrug.de\/A_Wordpress\/wp-json\/wp\/v2\/pages\/601\/revisions"}],"predecessor-version":[{"id":82909,"href":"https:\/\/mostkrug.de\/A_Wordpress\/wp-json\/wp\/v2\/pages\/601\/revisions\/82909"}],"wp:attachment":[{"href":"https:\/\/mostkrug.de\/A_Wordpress\/wp-json\/wp\/v2\/media?parent=601"}],"curies":[{"name":"wp","href":"https:\/\/api.w.org\/{rel}","templated":true}]}}

<div class="entry-content clearfix">
<p>Im Mostkrug um 19 Uhr, &#8222;Sag mal &#8211; hör mal!&#8220; geht es am Montag, 18. Mai, um das Thema &#8222;Braucht es den schwäischen Dialek</p>
<p><strong>Sommersaison 04.06.2026 bis 26.07.2026</strong></p>
<p><strong>Herbst-Wintersaison 02.10.2026 bis 28.02.2027</strong></p>
<p><strong>Weihnachts-Pause&nbsp; &nbsp;14.12.´26 bis 05.01.´27</strong></p>
<p><a href="https://mostkrug.de/A_Wordpress/reservierungsanfrage-kontakt/" target="_blank" rel="noopener">Am besten gleich reservieren</a></p>
</div>
<hr>
<div class="entry-content clearfix">&nbsp;</div>
<p><span style="color: #ff0000;"><strong>Es gibt einen weiteren Termin für Sag mal, hör mal!&nbsp;</strong></span></p>
<p>Bei einem weiteren Termin des Gesprächsformats &#8222;Sag mal &#8211; hör mal!&#8220; geht es am Montag, 18. Mai, um das Thema &#8222;Braucht es den schwäischen Dialekt noch?&#8220; gehen. Unser Gastgeber, der Mostkrug-Wirt Thomas Dieterich, würde da eindeutig mit Ja antworten.</p>
<p>Vielleicht gibt es ja aber auch andere Meinungen. Veranstaltungsort ist die Besenwirtschaft &#8222;Zum Mostkrug&#8220; in Erkenbrechtsweiler, Kirchstraße 9.</p>
<p>Los geht es um 19 Uhr. Die Moderatoren Rainer Nübel und Kai Müller wollen mit den Teilnehmerinnen und Teilnehmern ins Gespräch kommen. Alle Interessierten sind herzlich eingeladen. Eine Anmeldung ist nicht erforderlich.</p>
<p>Freundliche Grüße<br />
Kai Müller<br />
Ressortleiter</p>
<hr>
<p>&nbsp;</p>
<div class="entry-content clearfix">
<p><a href="https://mostkrug.de/A_Wordpress/ferienwohnung/" target="_blank" rel="noopener">Die Ferienwohnung im Mostkrug</a></p>
</div>
<p><img decoding="async" loading="lazy" class="alignnone size-medium wp-image-82603" src="https://mostkrug.de/A_Wordpress/wp-content/uploads/2024/11/Thomas-Ortsschild-225x300.jpg" alt="" width="225" height="300" srcset="https://mostkrug.de/A_Wordpress/wp-content/uploads/2024/11/Thomas-Ortsschild-225x300.jpg 225w, https://mostkrug.de/A_Wordpress/wp-content/uploads/2024/11/Thomas-Ortsschild-768x1024.jpg 768w, https://mostkrug.de/A_Wordpress/wp-content/uploads/2024/11/Thomas-Ortsschild-1152x1536.jpg 1152w, https://mostkrug.de/A_Wordpress/wp-content/uploads/2024/11/Thomas-Ortsschild-600x800.jpg 600w, https://mostkrug.de/A_Wordpress/wp-content/uploads/2024/11/Thomas-Ortsschild.jpg 1512w" sizes="(max-width: 225px) 100vw, 225px" /></p>
<h4 class="entry-title"><a href="https://mostkrug.de/A_Wordpress/unternehmungen-freizeit-tourismuss/" target="_blank" rel="noopener">Unternehmungen / Freizeit / Tourismus</a></h4>
<h4><a href="https://mostkrug.de/A_Wordpress/wp-content/uploads/2023/10/Vegetarisch-Vegan-Herbst-Winter-2023.pdf" target="_blank" rel="noopener">Zum Newsletter anmelden</a></h4>
<p><strong class="mceContentBody " dir="ltr" title="Öffnungszeiten"><a href="http://mostkrug.de/A_Wordpress/reservierungsanfrage-kontakt/" target="_blank" rel="noopener noreferrer">Hier ein Link zur Reservierungsanfrage.</a></strong></p>
ngg_shortcode_0_placeholder
<h2 data-start="573" data-end="621"><strong data-start="576" data-end="621"><br />
Was ganz spezielles in/aus Erkenbrechtsweiler</strong></h2>
<p><a href="https://mostkrug.de/A_Wordpress/wp-content/uploads/2023/07/BRAVO-PAPA-2040-by-Susanne-Horizon-Fraenzel-on-Vimeo.mp4">Bravo Papa 2040 BR Deutschland / Erkenbrechtsweiler 1989 Kurz-Animationsfilm von Susanne Fränzel</a></p>
<p class="style-scope ytd-watch-metadata"><a href="https://www.youtube.com/watch?v=CfZHISHvAvw&amp;t=49s" target="_blank" rel="noopener"><strong>Deep Purple in Erkenbrechtsweiler</strong> (im Steinbruch) April P2 German TV 1970 Very Rare Footage!</a></p>
<p>Mit der Klasse drei aus Erkenbrechtsweiler haben die Eltern, Kinder und ich ein klasse<br />
Apfelsaftprojekt auf die Beine gestellt.</p>
<p><img decoding="async" loading="lazy" class="alignnone size-medium wp-image-81945" src="https://mostkrug.de/A_Wordpress/wp-content/uploads/2022/09/IMG_9480-235x300.jpeg" alt="" width="235" height="300" srcset="https://mostkrug.de/A_Wordpress/wp-content/uploads/2022/09/IMG_9480-235x300.jpeg 235w, https://mostkrug.de/A_Wordpress/wp-content/uploads/2022/09/IMG_9480-600x765.jpeg 600w, https://mostkrug.de/A_Wordpress/wp-content/uploads/2022/09/IMG_9480.jpeg 750w" sizes="(max-width: 235px) 100vw, 235px" /></p>
<p>&nbsp;</p>

<p>Im Mostkrug um 19 Uhr, &#8222;Sag mal &#8211; hör mal!&#8220; geht es am Montag, 18. Mai, um das Thema &#8222;Braucht es den schwäischen Dialek Sommersaison 04.06.2026 bis 26.07.2026 Herbst-Wintersaison 02.10.2026 bis 28.02.2027 Weihnachts-Pause&nbsp; &nbsp;14.12.´26 bis 05.01.´27 Am besten gleich reservieren</p>
