{"id":77534,"date":"2021-10-02T14:08:26","date_gmt":"2021-10-02T12:08:26","guid":{"rendered":"https:\/\/mostkrug.de\/A_Wordpress\/?page_id=77534"},"modified":"2024-04-25T11:19:59","modified_gmt":"2024-04-25T09:19:59","slug":"checkin","status":"publish","type":"page","link":"https:\/\/mostkrug.de\/A_Wordpress\/checkin\/","title":{"rendered":"checkin"},"content":{"rendered":"<p><a href=\"https:\/\/mostkrug.de\/A_Wordpress\/checkin-english\/\">CheckIn English<\/a><\/p>\n<p>Herzlich Willkommen!<br \/>\n<strong>Ihr, als Hausg\u00e4ste, k\u00f6nnt mit einem Kfz direkt vor dem Haus parken.<\/strong><br \/>\nKirchstr.9 \/ D-73268 Erkenbrechtsweiler<\/p>\n<p><img decoding=\"async\" loading=\"lazy\" class=\"alignnone wp-image-82158\" src=\"https:\/\/mostkrug.de\/A_Wordpress\/wp-content\/uploads\/2023\/05\/Parken1-300x225.jpeg\" alt=\"\" width=\"211\" height=\"158\" srcset=\"https:\/\/mostkrug.de\/A_Wordpress\/wp-content\/uploads\/2023\/05\/Parken1-300x225.jpeg 300w, https:\/\/mostkrug.de\/A_Wordpress\/wp-content\/uploads\/2023\/05\/Parken1-600x450.jpeg 600w, https:\/\/mostkrug.de\/A_Wordpress\/wp-content\/uploads\/2023\/05\/Parken1.jpeg 640w\" sizes=\"(max-width: 211px) 100vw, 211px\" \/><\/p>\n<p>Das Appartement ist ganz oben im Haus<br \/>\nBesenwirtschaft Zum Mostkrug.<br \/>\n<a href=\"http:\/\/www.mostkrug.de\">www.mostkrug.de<\/a><\/p>\n<p><img decoding=\"async\" loading=\"lazy\" class=\"alignnone wp-image-82152\" src=\"https:\/\/mostkrug.de\/A_Wordpress\/wp-content\/uploads\/2023\/05\/Schlafcouch-300x225.png\" alt=\"\" width=\"225\" height=\"169\" srcset=\"https:\/\/mostkrug.de\/A_Wordpress\/wp-content\/uploads\/2023\/05\/Schlafcouch-300x225.png 300w, https:\/\/mostkrug.de\/A_Wordpress\/wp-content\/uploads\/2023\/05\/Schlafcouch-1024x768.png 1024w, https:\/\/mostkrug.de\/A_Wordpress\/wp-content\/uploads\/2023\/05\/Schlafcouch-768x576.png 768w, https:\/\/mostkrug.de\/A_Wordpress\/wp-content\/uploads\/2023\/05\/Schlafcouch-600x450.png 600w, https:\/\/mostkrug.de\/A_Wordpress\/wp-content\/uploads\/2023\/05\/Schlafcouch.png 1052w\" sizes=\"(max-width: 225px) 100vw, 225px\" \/><\/p>\n<p>Falls ich nicht da sein sollte.<br \/>\nLinks neben der T\u00fcr ist ein Schl\u00fcsseltresor.<br \/>\nNr. 1906 dann kleinen Hebel nach unten dr\u00fccken. Hier ist der Hausschl\u00fcssel.<\/p>\n<p><img decoding=\"async\" loading=\"lazy\" class=\"alignnone wp-image-82171\" src=\"https:\/\/mostkrug.de\/A_Wordpress\/wp-content\/uploads\/2023\/06\/Schluesseltresor-225x300.jpg\" alt=\"\" width=\"128\" height=\"171\" srcset=\"https:\/\/mostkrug.de\/A_Wordpress\/wp-content\/uploads\/2023\/06\/Schluesseltresor-225x300.jpg 225w, https:\/\/mostkrug.de\/A_Wordpress\/wp-content\/uploads\/2023\/06\/Schluesseltresor-768x1024.jpg 768w, https:\/\/mostkrug.de\/A_Wordpress\/wp-content\/uploads\/2023\/06\/Schluesseltresor-1152x1536.jpg 1152w, https:\/\/mostkrug.de\/A_Wordpress\/wp-content\/uploads\/2023\/06\/Schluesseltresor-600x800.jpg 600w, https:\/\/mostkrug.de\/A_Wordpress\/wp-content\/uploads\/2023\/06\/Schluesseltresor.jpg 1512w\" sizes=\"(max-width: 128px) 100vw, 128px\" \/><\/p>\n<p>Beim auschecken den Schl\u00fcssel auf den Tisch im Appartement legen.<br \/>\n<span style=\"color: #ff0000;\"><strong>Meine mobil Nr (0049) 0170 3150607<\/strong><\/span><\/p>\n<p><strong>W\u00e4hren der Saison (Juni und Juli, sowie Oktober bis Februar) wird am Wochenende (Fr.Sa. von 18 bis ca. 23 Uhr, So. 12 bis 19 Uhr) aus dem alten Bauernhaus <\/strong><strong>auch eine Gastronomie -Besenwirtschaft \u201eZum Mostkrug\u201c-<\/strong><\/p>\n<h3><a href=\"https:\/\/ochsenbeck.de\/170\/filialen\/erkenprechtsweiler\">Fr\u00fchst\u00fccken beim Ochsenbeck<\/a> (Montag bis Samstag, Sonntag geschlossen) 350 Meter von hier<\/h3>\n<h3><a href=\"https:\/\/beckabeck.de\/info\/standorte\">Fr\u00fchst\u00fccken beim BeckaBeck in H\u00fclben<\/a> (alle Tage) 5 km Meter von hier<\/h3>\n<h3><a href=\"https:\/\/de.restaurantguru.com\/Pizza-im-Hof-Erkenbrechtsweiler\">Pizzeria im H\u00f6fle<\/a>&nbsp; Pizza und mehr <strong>to go<\/strong> 300 Meter von hier<\/h3>\n<h3><a href=\"https:\/\/www.sportgaststaette-vivien.de\/\">Sportgastst\u00e4tte Vivien<\/a> Deutsch, Kroatisch und auch Pizza 1200 Meter von hierOktober bis Februar<\/h3>\n<p><span style=\"color: #ff0000;\"><strong><a style=\"color: #ff0000;\" href=\"https:\/\/mostkrug.de\/A_Wordpress\/ferienwohnung\/\" target=\"_blank\" rel=\"noopener\">Hier alle Infos zur Ferienwohnung, Ausfl\u00fcge&#8230;<\/a><\/strong><\/span><\/p>\n<p><strong>\u00d6ffnungszeiten vom Mostkrug<\/strong><br \/>\nOktober bis Februar<br \/>\nJuni und Juli<\/p>\n<p>Fr. und Sa. 18 Uhr bis ca. 23 Uhr<br \/>\nSonntag 12 Uhr bis 19 Uhr<br \/>\nund fast alle Feiertage<\/p>\n<p>durchgehend warme K\u00fcche<\/p>\n<p>Viele Gr\u00fc\u00dfe Thomas<\/p>\n","protected":false},"excerpt":{"rendered":"<p>CheckIn English Herzlich Willkommen! Ihr, als Hausg\u00e4ste, k\u00f6nnt mit einem Kfz direkt vor dem Haus parken. Kirchstr.9 \/ D-73268 Erkenbrechtsweiler Das Appartement ist ganz oben im Haus Besenwirtschaft Zum Mostkrug. www.mostkrug.de Falls ich nicht da sein sollte. Links neben der<\/p>\n","protected":false},"author":1,"featured_media":0,"parent":0,"menu_order":0,"comment_status":"closed","ping_status":"closed","template":"","meta":{"ngg_post_thumbnail":0},"jetpack_sharing_enabled":true,"jetpack_shortlink":"https:\/\/wp.me\/P88xua-kay","_links":{"self":[{"href":"https:\/\/mostkrug.de\/A_Wordpress\/wp-json\/wp\/v2\/pages\/77534"}],"collection":[{"href":"https:\/\/mostkrug.de\/A_Wordpress\/wp-json\/wp\/v2\/pages"}],"about":[{"href":"https:\/\/mostkrug.de\/A_Wordpress\/wp-json\/wp\/v2\/types\/page"}],"author":[{"embeddable":true,"href":"https:\/\/mostkrug.de\/A_Wordpress\/wp-json\/wp\/v2\/users\/1"}],"replies":[{"embeddable":true,"href":"https:\/\/mostkrug.de\/A_Wordpress\/wp-json\/wp\/v2\/comments?post=77534"}],"version-history":[{"count":7,"href":"https:\/\/mostkrug.de\/A_Wordpress\/wp-json\/wp\/v2\/pages\/77534\/revisions"}],"predecessor-version":[{"id":82495,"href":"https:\/\/mostkrug.de\/A_Wordpress\/wp-json\/wp\/v2\/pages\/77534\/revisions\/82495"}],"wp:attachment":[{"href":"https:\/\/mostkrug.de\/A_Wordpress\/wp-json\/wp\/v2\/media?parent=77534"}],"curies":[{"name":"wp","href":"https:\/\/api.w.org\/{rel}","templated":true}]}}