{"id":81707,"date":"2022-03-07T18:17:58","date_gmt":"2022-03-07T17:17:58","guid":{"rendered":"https:\/\/mostkrug.de\/A_Wordpress\/?page_id=81707"},"modified":"2026-03-27T16:59:50","modified_gmt":"2026-03-27T15:59:50","slug":"falkencam-im-kirchturm-in-erkenbrechtsweiler","status":"publish","type":"page","link":"https:\/\/mostkrug.de\/A_Wordpress\/falkencam-im-kirchturm-in-erkenbrechtsweiler\/","title":{"rendered":"FalkenCam im Kirchturm in Erkenbrechtsweiler"},"content":{"rendered":"<p><iframe loading=\"lazy\" title=\"FalkenCam Kirchturm\" src=\"https:\/\/youtube.com\/embed\/XveIi6VFFUw?feature=share\" width=\"100%\" height=\"400\" frameborder=\"0\" allowfullscreen=\"allowfullscreen\"><span style=\"display: inline-block; width: 0px; overflow: hidden; line-height: 0;\" data-mce-type=\"bookmark\" class=\"mce_SELRES_start\">\ufeff<\/span><span style=\"display: inline-block; width: 0px; overflow: hidden; line-height: 0;\" data-mce-type=\"bookmark\" class=\"mce_SELRES_start\">\ufeff<\/span><br \/>\n<\/iframe><\/p>\n<p>&nbsp;<\/p>\n<figure id=\"attachment_81711\" aria-describedby=\"caption-attachment-81711\" style=\"width: 300px\" class=\"wp-caption alignnone\"><img decoding=\"async\" loading=\"lazy\" class=\"size-medium wp-image-81711\" src=\"https:\/\/mostkrug.de\/A_Wordpress\/wp-content\/uploads\/2022\/03\/Kirchturm-Erekenbrechtsweiler5-Falke-300x296.jpg\" alt=\"Einflug\u00f6ffnung\" width=\"300\" height=\"296\" srcset=\"https:\/\/mostkrug.de\/A_Wordpress\/wp-content\/uploads\/2022\/03\/Kirchturm-Erekenbrechtsweiler5-Falke-300x296.jpg 300w, https:\/\/mostkrug.de\/A_Wordpress\/wp-content\/uploads\/2022\/03\/Kirchturm-Erekenbrechtsweiler5-Falke-100x100.jpg 100w, https:\/\/mostkrug.de\/A_Wordpress\/wp-content\/uploads\/2022\/03\/Kirchturm-Erekenbrechtsweiler5-Falke.jpg 593w\" sizes=\"(max-width: 300px) 100vw, 300px\" \/><figcaption id=\"caption-attachment-81711\" class=\"wp-caption-text\">Einflug\u00f6ffnung der Dohlen<\/figcaption><\/figure>\n<p>wer hats gemacht: Thomas und Walter<\/p>\n<p><img decoding=\"async\" loading=\"lazy\" class=\"size-medium wp-image-81757\" src=\"https:\/\/mostkrug.de\/A_Wordpress\/wp-content\/uploads\/2022\/05\/IMG_8033-225x300.jpg\" alt=\"wer hats gemacht: Thomas und Walter&nbsp;\" width=\"225\" height=\"300\" srcset=\"https:\/\/mostkrug.de\/A_Wordpress\/wp-content\/uploads\/2022\/05\/IMG_8033-225x300.jpg 225w, https:\/\/mostkrug.de\/A_Wordpress\/wp-content\/uploads\/2022\/05\/IMG_8033-768x1024.jpg 768w, https:\/\/mostkrug.de\/A_Wordpress\/wp-content\/uploads\/2022\/05\/IMG_8033-1152x1536.jpg 1152w, https:\/\/mostkrug.de\/A_Wordpress\/wp-content\/uploads\/2022\/05\/IMG_8033-1536x2048.jpg 1536w, https:\/\/mostkrug.de\/A_Wordpress\/wp-content\/uploads\/2022\/05\/IMG_8033-600x800.jpg 600w, https:\/\/mostkrug.de\/A_Wordpress\/wp-content\/uploads\/2022\/05\/IMG_8033-scaled.jpg 1920w\" sizes=\"(max-width: 225px) 100vw, 225px\" \/><\/p>\n<p>Die Falken\/Dohlen-Cams im Kirchturm in Erkenbrechtsweiler sind seit dem 15.04.2022 im Kirchturm in Erkenbrechtsweiler intalliert.<\/p>\n<p>Am 1. M\u00e4rz 2025 wurden zwei neue Cams eingbaut.<\/p>\n<p>Leider ist die Richtfunkstrecke etwas lahm, so wird der Livestream ruckelig \u00fcbertragen.<\/p>\n<p>Der Horst an der Ostseite wurde von Walter um einiges vergr\u00f6\u00dfert, vor allem auch in der H\u00f6he.<br \/>\nZum einen kann die Kamera an der Decke montiert, was eine viel bessere Sicht verschafft, zum anderen<br \/>\nist es bei gro\u00dfer Hitze (dieser Horst ist sehr stark der Sonne ausgesetzt) f\u00fcr die V\u00f6gel angenehmer.<\/p>\n<p><a href=\"https:\/\/mostkrug.de\/A_Wordpress\/falkencam2022\/\">Jahresr\u00fcckblick zum Nisten 2022<\/a><\/p>\n<h3><span style=\"color: #000000;\"><strong>Dohlen-Info:<\/strong><\/span><\/h3>\n<ul>\n<li>Ab 10.03.2023 werden beide Nester von den Dohlen begutachtet.<\/li>\n<li>15.03.2023 Die Dohlen bringen viele Zweige in ihr &#8222;altes&#8220; Nest<\/li>\n<li>23.04.2023 f\u00fcnf Eier im Dohlennest<\/li>\n<li>09.05.2023 ein Dohlenk\u00fccken ist geschl\u00fcpft<\/li>\n<li>11.05.2023 das zweite Dohlenk\u00fccken ist geschl\u00fcpft<\/li>\n<\/ul>\n<p>Die Dohle legt 3 bis 6 Eier. Das Weibchen br\u00fctet die Eier alleine aus, das M\u00e4nnchen beschafft die Nahrung.<br \/>\nDie Brutdauer betr\u00e4gt ungef\u00e4hr 18 Tage. Die jungen Dohlen sind dann ungef\u00e4hr einen Monat im Nest<br \/>\nund werden von beiden Eltern mit Nahrung versorgt.<\/p>\n<p><a href=\"https:\/\/www.brodowski-fotografie.de\/beobachtungen\/dohle.html\" target=\"_blank\" rel=\"noopener\">Sehr interessante Infos zu der Dohle<\/a><\/p>\n<p>&nbsp;<\/p>\n<h3><strong>Falken-Info:<\/strong><\/h3>\n<p>Die Brutzeit betr\u00e4gt ca. 30 Tage.<\/p>\n<ul>\n<li>Am 10.03.2023 lassen die Falken noch auf sich warten<\/li>\n<li>15.03.2023 Die Dohlen haben sich f\u00fcr ihr altes Nest entschieden<\/li>\n<li>24.03.2023 noch keine Falken in sicht<\/li>\n<li>02.04.2023 Dohen haben das Nest mit Zweigen bef\u00fcllt<\/li>\n<li>09.04.2023 Einflug\u00f6ffnung zugmacht. Zweige ausger\u00e4umt<\/li>\n<li>19.04.2023 Einflug\u00f6ffnung offen, Falken inspizieren das Nest<\/li>\n<li>29.04.2023 noch keine Falken im Nest<\/li>\n<li>03.05.2023 4 Falkeneiner sind im Nest<\/li>\n<\/ul>\n<h3><strong>Vogelcams North America<\/strong><\/h3>\n<ul>\n<li><strong>#1. <\/strong><a href=\"https:\/\/birdwatchinghq.com\/live-bird-cams\/#akronfeeder\"><strong>Ohio<\/strong><\/a><strong> (My cam)<\/strong><\/li>\n<li><strong>#2. <\/strong><a href=\"https:\/\/birdwatchinghq.com\/live-bird-cams\/#alabama\"><strong>Alabama<\/strong><\/a><\/li>\n<li><strong>#3. <\/strong><strong><a href=\"https:\/\/birdwatchinghq.com\/live-bird-cams\/#alberta\">Alberta<\/a><\/strong><\/li>\n<li><strong>#4. <a href=\"https:\/\/birdwatchinghq.com\/live-bird-cams\/#california\">California<\/a><\/strong><\/li>\n<li><strong>#5. <a href=\"https:\/\/birdwatchinghq.com\/live-bird-cams\/#newyork\">New York<\/a><\/strong><\/li>\n<\/ul>\n<p><a href=\"https:\/\/www.youtube.com\/watch?v=-nktElu7GSw\">S\u00fcdafrika<\/a><\/p>\n<p><a href=\"https:\/\/www.youtube.com\/watch?v=NTRkFSG3ydY\">Tschechien<\/a><\/p>\n<p><a href=\"https:\/\/birdcams.live\/\">BirdCams<\/a><\/p>\n<p><a href=\"https:\/\/baden-wuerttemberg.nabu.de\/tiere-und-pflanzen\/voegel\/wanderfalkenwebcam\/26048.html\" target=\"_blank\" rel=\"noopener\">NABU Fellbach mit interessanten Infos zu Greifv\u00f6geln und Falken-WebCAm&nbsp;<\/a><\/p>\n<p>zur Technik:<\/p>\n<p>Mit einer WLAN-Richtfunkstrecke zwischen Kirchturm und Mostkrug<br \/>\nvon 100 Metern wurde ein Router (im Bridge with AP Mode) als AccessPoint (im Kirchturm) in das Mostkrug-Netzwerk eingebunden.<br \/>\nDieser macht auf der einen Seite die Richtfunkstrecke zum Mostkrug, auf der anderen Seite stellt er ein Wlan im Kirchturm zur Verf\u00fcgung.<br \/>\nIn dieses Kirchturm-Wlan sind zwei PTZ Webcams mit Wlan angebunden.<br \/>\nDie Cameras haben auch einen Infrarot-Nachtsichtmodus.<\/p>\n<p>&nbsp;<\/p>\n<p>&nbsp;<\/p>\n","protected":false},"excerpt":{"rendered":"<p>\ufeff\ufeff &nbsp; wer hats gemacht: Thomas und Walter Die Falken\/Dohlen-Cams im Kirchturm in Erkenbrechtsweiler sind seit dem 15.04.2022 im Kirchturm in Erkenbrechtsweiler intalliert. Am 1. M\u00e4rz 2025 wurden zwei neue Cams eingbaut. Leider ist die Richtfunkstrecke etwas lahm, so wird<\/p>\n","protected":false},"author":1,"featured_media":0,"parent":0,"menu_order":0,"comment_status":"closed","ping_status":"closed","template":"","meta":{"ngg_post_thumbnail":0},"jetpack_sharing_enabled":true,"jetpack_shortlink":"https:\/\/wp.me\/P88xua-lfR","_links":{"self":[{"href":"https:\/\/mostkrug.de\/A_Wordpress\/wp-json\/wp\/v2\/pages\/81707"}],"collection":[{"href":"https:\/\/mostkrug.de\/A_Wordpress\/wp-json\/wp\/v2\/pages"}],"about":[{"href":"https:\/\/mostkrug.de\/A_Wordpress\/wp-json\/wp\/v2\/types\/page"}],"author":[{"embeddable":true,"href":"https:\/\/mostkrug.de\/A_Wordpress\/wp-json\/wp\/v2\/users\/1"}],"replies":[{"embeddable":true,"href":"https:\/\/mostkrug.de\/A_Wordpress\/wp-json\/wp\/v2\/comments?post=81707"}],"version-history":[{"count":41,"href":"https:\/\/mostkrug.de\/A_Wordpress\/wp-json\/wp\/v2\/pages\/81707\/revisions"}],"predecessor-version":[{"id":82941,"href":"https:\/\/mostkrug.de\/A_Wordpress\/wp-json\/wp\/v2\/pages\/81707\/revisions\/82941"}],"wp:attachment":[{"href":"https:\/\/mostkrug.de\/A_Wordpress\/wp-json\/wp\/v2\/media?parent=81707"}],"curies":[{"name":"wp","href":"https:\/\/api.w.org\/{rel}","templated":true}]}}

<p><iframe loading="lazy" title="FalkenCam Kirchturm" src="https://youtube.com/embed/XveIi6VFFUw?feature=share" width="100%" height="400" frameborder="0" allowfullscreen="allowfullscreen"><span style="display: inline-block; width: 0px; overflow: hidden; line-height: 0;" data-mce-type="bookmark" class="mce_SELRES_start">﻿</span><span style="display: inline-block; width: 0px; overflow: hidden; line-height: 0;" data-mce-type="bookmark" class="mce_SELRES_start">﻿</span><br />
</iframe></p>
<p>&nbsp;</p>
<figure id="attachment_81711" aria-describedby="caption-attachment-81711" style="width: 300px" class="wp-caption alignnone"><img decoding="async" loading="lazy" class="size-medium wp-image-81711" src="https://mostkrug.de/A_Wordpress/wp-content/uploads/2022/03/Kirchturm-Erekenbrechtsweiler5-Falke-300x296.jpg" alt="Einflugöffnung" width="300" height="296" srcset="https://mostkrug.de/A_Wordpress/wp-content/uploads/2022/03/Kirchturm-Erekenbrechtsweiler5-Falke-300x296.jpg 300w, https://mostkrug.de/A_Wordpress/wp-content/uploads/2022/03/Kirchturm-Erekenbrechtsweiler5-Falke-100x100.jpg 100w, https://mostkrug.de/A_Wordpress/wp-content/uploads/2022/03/Kirchturm-Erekenbrechtsweiler5-Falke.jpg 593w" sizes="(max-width: 300px) 100vw, 300px" /><figcaption id="caption-attachment-81711" class="wp-caption-text">Einflugöffnung der Dohlen</figcaption></figure>
<p>wer hats gemacht: Thomas und Walter</p>
<p><img decoding="async" loading="lazy" class="size-medium wp-image-81757" src="https://mostkrug.de/A_Wordpress/wp-content/uploads/2022/05/IMG_8033-225x300.jpg" alt="wer hats gemacht: Thomas und Walter&nbsp;" width="225" height="300" srcset="https://mostkrug.de/A_Wordpress/wp-content/uploads/2022/05/IMG_8033-225x300.jpg 225w, https://mostkrug.de/A_Wordpress/wp-content/uploads/2022/05/IMG_8033-768x1024.jpg 768w, https://mostkrug.de/A_Wordpress/wp-content/uploads/2022/05/IMG_8033-1152x1536.jpg 1152w, https://mostkrug.de/A_Wordpress/wp-content/uploads/2022/05/IMG_8033-1536x2048.jpg 1536w, https://mostkrug.de/A_Wordpress/wp-content/uploads/2022/05/IMG_8033-600x800.jpg 600w, https://mostkrug.de/A_Wordpress/wp-content/uploads/2022/05/IMG_8033-scaled.jpg 1920w" sizes="(max-width: 225px) 100vw, 225px" /></p>
<p>Die Falken/Dohlen-Cams im Kirchturm in Erkenbrechtsweiler sind seit dem 15.04.2022 im Kirchturm in Erkenbrechtsweiler intalliert.</p>
<p>Am 1. März 2025 wurden zwei neue Cams eingbaut.</p>
<p>Leider ist die Richtfunkstrecke etwas lahm, so wird der Livestream ruckelig übertragen.</p>
<p>Der Horst an der Ostseite wurde von Walter um einiges vergrößert, vor allem auch in der Höhe.<br />
Zum einen kann die Kamera an der Decke montiert, was eine viel bessere Sicht verschafft, zum anderen<br />
ist es bei großer Hitze (dieser Horst ist sehr stark der Sonne ausgesetzt) für die Vögel angenehmer.</p>
<p><a href="https://mostkrug.de/A_Wordpress/falkencam2022/">Jahresrückblick zum Nisten 2022</a></p>
<h3><span style="color: #000000;"><strong>Dohlen-Info:</strong></span></h3>
<ul>
<li>Ab 10.03.2023 werden beide Nester von den Dohlen begutachtet.</li>
<li>15.03.2023 Die Dohlen bringen viele Zweige in ihr &#8222;altes&#8220; Nest</li>
<li>23.04.2023 fünf Eier im Dohlennest</li>
<li>09.05.2023 ein Dohlenkücken ist geschlüpft</li>
<li>11.05.2023 das zweite Dohlenkücken ist geschlüpft</li>
</ul>
<p>Die Dohle legt 3 bis 6 Eier. Das Weibchen brütet die Eier alleine aus, das Männchen beschafft die Nahrung.<br />
Die Brutdauer beträgt ungefähr 18 Tage. Die jungen Dohlen sind dann ungefähr einen Monat im Nest<br />
und werden von beiden Eltern mit Nahrung versorgt.</p>
<p><a href="https://www.brodowski-fotografie.de/beobachtungen/dohle.html" target="_blank" rel="noopener">Sehr interessante Infos zu der Dohle</a></p>
<p>&nbsp;</p>
<h3><strong>Falken-Info:</strong></h3>
<p>Die Brutzeit beträgt ca. 30 Tage.</p>
<ul>
<li>Am 10.03.2023 lassen die Falken noch auf sich warten</li>
<li>15.03.2023 Die Dohlen haben sich für ihr altes Nest entschieden</li>
<li>24.03.2023 noch keine Falken in sicht</li>
<li>02.04.2023 Dohen haben das Nest mit Zweigen befüllt</li>
<li>09.04.2023 Einflugöffnung zugmacht. Zweige ausgeräumt</li>
<li>19.04.2023 Einflugöffnung offen, Falken inspizieren das Nest</li>
<li>29.04.2023 noch keine Falken im Nest</li>
<li>03.05.2023 4 Falkeneiner sind im Nest</li>
</ul>
<h3><strong>Vogelcams North America</strong></h3>
<ul>
<li><strong>#1. </strong><a href="https://birdwatchinghq.com/live-bird-cams/#akronfeeder"><strong>Ohio</strong></a><strong> (My cam)</strong></li>
<li><strong>#2. </strong><a href="https://birdwatchinghq.com/live-bird-cams/#alabama"><strong>Alabama</strong></a></li>
<li><strong>#3. </strong><strong><a href="https://birdwatchinghq.com/live-bird-cams/#alberta">Alberta</a></strong></li>
<li><strong>#4. <a href="https://birdwatchinghq.com/live-bird-cams/#california">California</a></strong></li>
<li><strong>#5. <a href="https://birdwatchinghq.com/live-bird-cams/#newyork">New York</a></strong></li>
</ul>
<p><a href="https://www.youtube.com/watch?v=-nktElu7GSw">Südafrika</a></p>
<p><a href="https://www.youtube.com/watch?v=NTRkFSG3ydY">Tschechien</a></p>
<p><a href="https://birdcams.live/">BirdCams</a></p>
<p><a href="https://baden-wuerttemberg.nabu.de/tiere-und-pflanzen/voegel/wanderfalkenwebcam/26048.html" target="_blank" rel="noopener">NABU Fellbach mit interessanten Infos zu Greifvögeln und Falken-WebCAm&nbsp;</a></p>
<p>zur Technik:</p>
<p>Mit einer WLAN-Richtfunkstrecke zwischen Kirchturm und Mostkrug<br />
von 100 Metern wurde ein Router (im Bridge with AP Mode) als AccessPoint (im Kirchturm) in das Mostkrug-Netzwerk eingebunden.<br />
Dieser macht auf der einen Seite die Richtfunkstrecke zum Mostkrug, auf der anderen Seite stellt er ein Wlan im Kirchturm zur Verfügung.<br />
In dieses Kirchturm-Wlan sind zwei PTZ Webcams mit Wlan angebunden.<br />
Die Cameras haben auch einen Infrarot-Nachtsichtmodus.</p>
<p>&nbsp;</p>
<p>&nbsp;</p>

<p>﻿﻿ &nbsp; wer hats gemacht: Thomas und Walter Die Falken/Dohlen-Cams im Kirchturm in Erkenbrechtsweiler sind seit dem 15.04.2022 im Kirchturm in Erkenbrechtsweiler intalliert. Am 1. März 2025 wurden zwei neue Cams eingbaut. Leider ist die Richtfunkstrecke etwas lahm, so wird</p>
