{"id":81964,"date":"2022-10-08T11:11:40","date_gmt":"2022-10-08T09:11:40","guid":{"rendered":"https:\/\/mostkrug.de\/A_Wordpress\/?page_id=81964"},"modified":"2026-02-19T13:58:56","modified_gmt":"2026-02-19T12:58:56","slug":"ferienwohnung","status":"publish","type":"page","link":"https:\/\/mostkrug.de\/A_Wordpress\/ferienwohnung\/","title":{"rendered":"Ferienwohnung"},"content":{"rendered":"<p><a href=\"https:\/\/mostkrug.de\/A_Wordpress\/die-ferienwohnung-english\/\">Apartment info english<\/a><\/p>\n<p>Die Ferienwohnung im Mostkrug<\/p>\n<p><span style=\"color: #ff0000;\"><strong>Reservierungsformular ganz unten<\/strong><\/span><\/p>\n<p><span class=\"ll4r2nl dir dir-ltr\">In dem alten Bauernhaus wurde das Dachgeschoss liebevoll ausgebaut.<br \/>\nAuf einer Fl\u00e4che von 65 qm ist ein <strong>Badzimmer<\/strong> mit Waschbecken, Dusche und WC sowie ein <strong>franz\u00f6sisches Bett<\/strong> (140cm breit) <\/span><span class=\"ll4r2nl dir dir-ltr\">und eine <strong>ausziehbare Schlafcouch <\/strong><\/span>(133 cm breit) zum gem\u00fctlichen Wohnen da.<br \/>\n<strong>Mini-K\u00fcche<\/strong> (Geschirr, Besteck, Tassen, Gl\u00e4ser) Toaster, K\u00fchlschrank, Kaffeemaschine, Wasserkocher, Kaffee, Tee, Getr\u00e4nke, <strong>WLAN \/ Sat und Smart-TV<\/strong> mit Netflix&#8230;<\/p>\n<p>Parkplatz direkt am Haus (so\/hier parken)<\/p>\n<p><img decoding=\"async\" loading=\"lazy\" class=\"alignnone wp-image-82159\" src=\"https:\/\/mostkrug.de\/A_Wordpress\/wp-content\/uploads\/2023\/05\/Parken3-225x300.jpeg\" alt=\"\" width=\"114\" height=\"152\" srcset=\"https:\/\/mostkrug.de\/A_Wordpress\/wp-content\/uploads\/2023\/05\/Parken3-225x300.jpeg 225w, https:\/\/mostkrug.de\/A_Wordpress\/wp-content\/uploads\/2023\/05\/Parken3-768x1024.jpeg 768w, https:\/\/mostkrug.de\/A_Wordpress\/wp-content\/uploads\/2023\/05\/Parken3-1152x1536.jpeg 1152w, https:\/\/mostkrug.de\/A_Wordpress\/wp-content\/uploads\/2023\/05\/Parken3-600x800.jpeg 600w, https:\/\/mostkrug.de\/A_Wordpress\/wp-content\/uploads\/2023\/05\/Parken3.jpeg 1512w\" sizes=\"(max-width: 114px) 100vw, 114px\" \/> <img decoding=\"async\" loading=\"lazy\" class=\"alignnone wp-image-82158\" src=\"https:\/\/mostkrug.de\/A_Wordpress\/wp-content\/uploads\/2023\/05\/Parken1-300x225.jpeg\" alt=\"\" width=\"203\" height=\"152\" srcset=\"https:\/\/mostkrug.de\/A_Wordpress\/wp-content\/uploads\/2023\/05\/Parken1-300x225.jpeg 300w, https:\/\/mostkrug.de\/A_Wordpress\/wp-content\/uploads\/2023\/05\/Parken1-600x450.jpeg 600w, https:\/\/mostkrug.de\/A_Wordpress\/wp-content\/uploads\/2023\/05\/Parken1.jpeg 640w\" sizes=\"(max-width: 203px) 100vw, 203px\" \/><\/p>\n<p><strong>Ausstattung:<\/strong><br \/>\nKinder-Gitterbett, Hochstuhl, Bettw\u00e4sche, Handt\u00fccher, Duschgel, F\u00f6n, B\u00fcgeleisen, Getr\u00e4nke, Tee, Kaffee, Wasserkocher, K\u00fchlschrank, Mikrowelle, Toaster, Kaffeemaschine, Tassimo&#8230;<\/p>\n<p><strong>Getr\u00e4nkebar<\/strong> mit Wasser, Bier, Sekt, Wein&#8230;<\/p>\n<p>Die gro\u00dfe Gastronomie-K\u00fcche im EG kann nach Abspreche gerne genutzt werden.<\/p>\n<p><img decoding=\"async\" loading=\"lazy\" class=\"alignnone size-medium wp-image-82154\" src=\"https:\/\/mostkrug.de\/A_Wordpress\/wp-content\/uploads\/2023\/05\/Ferienwohnung-Zum-Mostkrug-300x225.jpg\" alt=\"\" width=\"300\" height=\"225\" srcset=\"https:\/\/mostkrug.de\/A_Wordpress\/wp-content\/uploads\/2023\/05\/Ferienwohnung-Zum-Mostkrug-300x225.jpg 300w, https:\/\/mostkrug.de\/A_Wordpress\/wp-content\/uploads\/2023\/05\/Ferienwohnung-Zum-Mostkrug-1024x768.jpg 1024w, https:\/\/mostkrug.de\/A_Wordpress\/wp-content\/uploads\/2023\/05\/Ferienwohnung-Zum-Mostkrug-768x576.jpg 768w, https:\/\/mostkrug.de\/A_Wordpress\/wp-content\/uploads\/2023\/05\/Ferienwohnung-Zum-Mostkrug-600x450.jpg 600w, https:\/\/mostkrug.de\/A_Wordpress\/wp-content\/uploads\/2023\/05\/Ferienwohnung-Zum-Mostkrug.jpg 1052w\" sizes=\"(max-width: 300px) 100vw, 300px\" \/> <img decoding=\"async\" loading=\"lazy\" class=\"alignnone size-medium wp-image-82153\" src=\"https:\/\/mostkrug.de\/A_Wordpress\/wp-content\/uploads\/2023\/05\/TV-300x225.png\" alt=\"\" width=\"300\" height=\"225\" srcset=\"https:\/\/mostkrug.de\/A_Wordpress\/wp-content\/uploads\/2023\/05\/TV-300x225.png 300w, https:\/\/mostkrug.de\/A_Wordpress\/wp-content\/uploads\/2023\/05\/TV-1024x768.png 1024w, https:\/\/mostkrug.de\/A_Wordpress\/wp-content\/uploads\/2023\/05\/TV-768x576.png 768w, https:\/\/mostkrug.de\/A_Wordpress\/wp-content\/uploads\/2023\/05\/TV-600x450.png 600w, https:\/\/mostkrug.de\/A_Wordpress\/wp-content\/uploads\/2023\/05\/TV.png 1052w\" sizes=\"(max-width: 300px) 100vw, 300px\" \/><br \/>\n<img decoding=\"async\" loading=\"lazy\" class=\"alignnone size-medium wp-image-82194\" src=\"https:\/\/mostkrug.de\/A_Wordpress\/wp-content\/uploads\/2023\/07\/MiniKueche-225x300.jpeg\" alt=\"\" width=\"225\" height=\"300\" srcset=\"https:\/\/mostkrug.de\/A_Wordpress\/wp-content\/uploads\/2023\/07\/MiniKueche-225x300.jpeg 225w, https:\/\/mostkrug.de\/A_Wordpress\/wp-content\/uploads\/2023\/07\/MiniKueche-768x1024.jpeg 768w, https:\/\/mostkrug.de\/A_Wordpress\/wp-content\/uploads\/2023\/07\/MiniKueche-1152x1536.jpeg 1152w, https:\/\/mostkrug.de\/A_Wordpress\/wp-content\/uploads\/2023\/07\/MiniKueche-1536x2048.jpeg 1536w, https:\/\/mostkrug.de\/A_Wordpress\/wp-content\/uploads\/2023\/07\/MiniKueche-600x800.jpeg 600w, https:\/\/mostkrug.de\/A_Wordpress\/wp-content\/uploads\/2023\/07\/MiniKueche-scaled.jpeg 1920w\" sizes=\"(max-width: 225px) 100vw, 225px\" \/><img decoding=\"async\" loading=\"lazy\" class=\"alignnone size-medium wp-image-82195\" src=\"https:\/\/mostkrug.de\/A_Wordpress\/wp-content\/uploads\/2023\/07\/Bad-300x225.png\" alt=\"\" width=\"300\" height=\"225\" srcset=\"https:\/\/mostkrug.de\/A_Wordpress\/wp-content\/uploads\/2023\/07\/Bad-300x225.png 300w, https:\/\/mostkrug.de\/A_Wordpress\/wp-content\/uploads\/2023\/07\/Bad-1024x768.png 1024w, https:\/\/mostkrug.de\/A_Wordpress\/wp-content\/uploads\/2023\/07\/Bad-768x576.png 768w, https:\/\/mostkrug.de\/A_Wordpress\/wp-content\/uploads\/2023\/07\/Bad-600x450.png 600w, https:\/\/mostkrug.de\/A_Wordpress\/wp-content\/uploads\/2023\/07\/Bad.png 1052w\" sizes=\"(max-width: 300px) 100vw, 300px\" \/><img decoding=\"async\" loading=\"lazy\" class=\"alignnone size-medium wp-image-82196\" src=\"https:\/\/mostkrug.de\/A_Wordpress\/wp-content\/uploads\/2023\/07\/Haus-300x225.png\" alt=\"\" width=\"300\" height=\"225\" srcset=\"https:\/\/mostkrug.de\/A_Wordpress\/wp-content\/uploads\/2023\/07\/Haus-300x225.png 300w, https:\/\/mostkrug.de\/A_Wordpress\/wp-content\/uploads\/2023\/07\/Haus-1024x768.png 1024w, https:\/\/mostkrug.de\/A_Wordpress\/wp-content\/uploads\/2023\/07\/Haus-768x576.png 768w, https:\/\/mostkrug.de\/A_Wordpress\/wp-content\/uploads\/2023\/07\/Haus-600x450.png 600w, https:\/\/mostkrug.de\/A_Wordpress\/wp-content\/uploads\/2023\/07\/Haus.png 1052w\" sizes=\"(max-width: 300px) 100vw, 300px\" \/><\/p>\n<div class=\"_178zopn\">\n<div>\n<div class=\"_pgfqnw\">\n<h3 class=\"_14i3z6h\" tabindex=\"-1\">Die Unterkunft<\/h3>\n<\/div>\n<p><span class=\"ll4r2nl dir dir-ltr\">Das ehemalige Bauernhaus liegt in der Ortsmitte von Erkenbrechtsweiler auf der Schw\u00e4bischen Alb, direkt am Albrand.<br \/>\nDas Haus liegt in einer absolut ruhigen Lage in einer Sackgasse.<br \/>\nIn diesem Haus wohnt niemand, ich wohne 400 Meter von dem Bauernhaus weg.<br \/>\nDas ehemalige Bauernhaus ist der perfekte Ausgangspunkt f\u00fcr viele sportliche und kulturelle Ausfl\u00fcge und Unternehmungen.<\/span><\/p>\n<p><a href=\"https:\/\/mostkrug.de\/A_Wordpress\/wp-content\/uploads\/2023\/07\/Gaestehandbuch.pdf\">G\u00e4stehandbuch<\/a><\/p>\n<p>Die ber\u00fcmteste Outletcity Metzingen mit \u00fcber 500 Premium- und Luxusmarken ist in 20 Minuten mit dem Auto zu erreichen.<\/p>\n<p>Vom Mostkrug aus sind wundersch\u00f6ne Wanderungen und Ausfl\u00fcge m\u00f6glich.<br \/>\nBurg Hohen Neuffen (2 km), Beuren mit einem tollen Thermalbad (4 km), Reutlingen (22 km), Metzingen (15km), Stuttgart (42 km), Ulm (40 km).<\/p>\n<\/div>\n<\/div>\n<ul>\n<li><a href=\"https:\/\/www.erkenbrechtsweiler.de\/freizeit-tourismus\/erkenbrechtsweiler-aktiv-erleben\/wandertouren\" target=\"_blank\" rel=\"noopener\">Wanderungen<\/a> rund um Erkenbrechtsweiler<\/li>\n<li><a href=\"https:\/\/www.erkenbrechtsweiler.de\/freizeit-tourismus\/erkenbrechtsweiler-aktiv-erleben\/radtouren\" target=\"_blank\" rel=\"noopener\">Radtouren<\/a> rund um Erkenbrechtsweiler<\/li>\n<li><a href=\"https:\/\/www.erkenbrechtsweiler.de\/freizeit-tourismus\/erkenbrechtsweiler-aktiv-erleben\/wintersport\" target=\"_blank\" rel=\"noopener\">Langlaufloipe<\/a> rund um Erkenbrechtsweiler<\/li>\n<li><a href=\"https:\/\/www.erkenbrechtsweiler.de\/freizeit-tourismus\/erkenbrechtsweiler-aktiv-erleben\/gleitschirm-\/drachenfliegen\" target=\"_blank\" rel=\"noopener\">Gleitschirm-\/Drachenfliegen<\/a> in unmittelbarer N\u00e4he (2 km Richtung Hohen Neuffen)<\/li>\n<\/ul>\n<div class=\"_178zopn\">\n<div>\n<p>Im unserem 2500 Einwohner Ort hat es:<br \/>\nZahnarzt, Arzt, Metzger, B\u00e4cker, Friseuer, Pizzaservice, Sportgastst\u00e4tte, Supermarkt (Mo. bis Sa. 7-20Uhr), Bank<\/p>\n<p>Innerhalb von 5 km: Apotheke, Gastronomie, Tankstelle, zwei Segel- und Motorflugzeug-Flugpl\u00e4tze, Gleitschirmstartpl\u00e4tze, H\u00f6hlen.<br \/>\nIn der n\u00e4heren Umgebung der beste <a href=\"https:\/\/www.kletterwald-laichingen.de\/\" target=\"_blank\" rel=\"noopener\">Kletterwald Deutschlands<\/a> (25km), H\u00f6hlen, Kanutour&#8230;<\/p>\n<p><em>W\u00e4hren der Saison (Juni und Juli, sowie Oktober bis Februar) wird am Wochenende (Fr.Sa. von 18 bis ca. 23 Uhr, So. 12 bis 19 Uhr)<\/em><br \/>\n<em>aus dem alten Bauernhaus auch eine Gastronomie -Besenwirtschaft \u201eZum Mostkrug\u201c-<\/em><\/p>\n<p><strong>Platz und Ladem\u00f6glichkeit f\u00fcr bikes und ebikes (Bosch-Ausstattung).<\/strong><\/p>\n<p><img decoding=\"async\" loading=\"lazy\" class=\"alignnone wp-image-81991\" src=\"https:\/\/mostkrug.de\/A_Wordpress\/wp-content\/uploads\/2022\/10\/IMG_9610-225x300.jpg\" alt=\"\" width=\"226\" height=\"301\" srcset=\"https:\/\/mostkrug.de\/A_Wordpress\/wp-content\/uploads\/2022\/10\/IMG_9610-225x300.jpg 225w, https:\/\/mostkrug.de\/A_Wordpress\/wp-content\/uploads\/2022\/10\/IMG_9610-768x1024.jpg 768w, https:\/\/mostkrug.de\/A_Wordpress\/wp-content\/uploads\/2022\/10\/IMG_9610-1152x1536.jpg 1152w, https:\/\/mostkrug.de\/A_Wordpress\/wp-content\/uploads\/2022\/10\/IMG_9610-1536x2048.jpg 1536w, https:\/\/mostkrug.de\/A_Wordpress\/wp-content\/uploads\/2022\/10\/IMG_9610-600x800.jpg 600w, https:\/\/mostkrug.de\/A_Wordpress\/wp-content\/uploads\/2022\/10\/IMG_9610-scaled.jpg 1920w\" sizes=\"(max-width: 226px) 100vw, 226px\" \/><img decoding=\"async\" loading=\"lazy\" class=\"alignnone size-medium wp-image-81990\" src=\"https:\/\/mostkrug.de\/A_Wordpress\/wp-content\/uploads\/2022\/10\/9A152CCC-9E58-451E-880C-DE2D3E013EF9-169x300.jpg\" alt=\"\" width=\"169\" height=\"300\" srcset=\"https:\/\/mostkrug.de\/A_Wordpress\/wp-content\/uploads\/2022\/10\/9A152CCC-9E58-451E-880C-DE2D3E013EF9-169x300.jpg 169w, https:\/\/mostkrug.de\/A_Wordpress\/wp-content\/uploads\/2022\/10\/9A152CCC-9E58-451E-880C-DE2D3E013EF9-576x1024.jpg 576w, https:\/\/mostkrug.de\/A_Wordpress\/wp-content\/uploads\/2022\/10\/9A152CCC-9E58-451E-880C-DE2D3E013EF9-768x1365.jpg 768w, https:\/\/mostkrug.de\/A_Wordpress\/wp-content\/uploads\/2022\/10\/9A152CCC-9E58-451E-880C-DE2D3E013EF9-864x1536.jpg 864w, https:\/\/mostkrug.de\/A_Wordpress\/wp-content\/uploads\/2022\/10\/9A152CCC-9E58-451E-880C-DE2D3E013EF9-1152x2048.jpg 1152w, https:\/\/mostkrug.de\/A_Wordpress\/wp-content\/uploads\/2022\/10\/9A152CCC-9E58-451E-880C-DE2D3E013EF9-600x1067.jpg 600w, https:\/\/mostkrug.de\/A_Wordpress\/wp-content\/uploads\/2022\/10\/9A152CCC-9E58-451E-880C-DE2D3E013EF9-scaled.jpg 1440w\" sizes=\"(max-width: 169px) 100vw, 169px\" \/><\/p>\n<p>Platz zum drau\u00dfen verweilen.<\/p>\n<p><a href=\"https:\/\/ochsenbeck.de\/170\/filialen\/erkenprechtsweiler\" target=\"_blank\" rel=\"noopener\">Fr\u00fchst\u00fccken beim Ochsen Beck 300 Meter von hier<\/a><br \/>\nMontag bis Samstag. Uracher Str. 14, 73268 Erkenbrechtsweiler, Tel. 07026\/6017972<\/p>\n<p><a href=\"https:\/\/beckabeck.de\/info\/standorte\" target=\"_blank\" rel=\"noopener\">Fr\u00fchst\u00fccken beim BeckaBeck in H\u00fclben 5 km von hier<\/a><br \/>\nMontag bis Sonntag. Hauptstr. 22, 72584 H\u00fclben, Tel. 07125 3091 056<\/p>\n<p><a href=\"https:\/\/de.restaurantguru.com\/Pizza-im-Hof-Erkenbrechtsweiler\" target=\"_blank\" rel=\"noopener\">Pizzeria im H\u00f6fle<\/a>&nbsp; Pizza und mehr <strong>to go<\/strong> 300 Meter von hier<\/p>\n<p><a href=\"https:\/\/www.sportgaststaette-vivien.de\/\" target=\"_blank\" rel=\"noopener\">Sportgastst\u00e4tte Vivien<\/a> Deutsch, Kroatisch und auch Pizza 1200 Meter von hier<\/p>\n<p>Weitere Gastronomievorschl\u00e4ge liegen in der Ferienwohnung aus.<\/p>\n<\/div>\n<\/div>\n<div class=\"_178zopn\">\n<div>\n<div class=\"_pgfqnw\">\n<h3 tabindex=\"-1\">&nbsp;<\/h3>\n<h3 class=\"_14i3z6h\" tabindex=\"-1\">Weitere wichtige Hinweise<\/h3>\n<\/div>\n<p><span class=\"ll4r2nl dir dir-ltr\"><span style=\"color: #333333;\"><a style=\"color: #333333;\" href=\"https:\/\/mostkrug.de\/A_Wordpress\/checkin\/\">Check-In<\/a> <\/span>12 Uhr bis 21 Uhr<br \/>\nCheck-Out bis 11 Uhr<\/span><\/p>\n<\/div>\n<\/div>\n<div>\n<h3 class=\"_14i3z6h\" tabindex=\"-1\">Preise (maximal 4 G\u00e4ste):<\/h3>\n<p>1 Nacht ganze FeWo 1 &#8211; 2 Personen 65\u20ac (ab 2 Jahren, Kleinkinder bis 2 sind frei)<br \/>\n1 Nacht ganze FeWo pro weitere Person 32,50\u20ac (ab 2 Jahren, Kleinkinder bis 2 sind frei)<\/p>\n<p>Endreinigung 18\u20ac<\/p>\n<p>Wochenrabatt (6 N\u00e4chte) 10%<\/p>\n<p class=\"isSelectedEnd\">Hunde sind bei uns willkommen. F\u00fcr Hunde berechnen wir 5 \u20ac pro Hund und Nacht.<\/p>\n<p>Wir bitten unsere G\u00e4ste, w\u00e4hrend des Aufenthalts entstehende Hundehaare selbst zu entfernen. Ein Staubsauger steht in der Wohnung bereit.<\/p>\n<p><strong>ein Kinder-Gitterbett ist vorhanden<\/strong><\/p>\n<p><em><strong>Verbindlich Reservieren:<\/strong><\/em><\/p>\n<p><strong>Die Reservierung ist g\u00fcltig wenn 30%<\/strong><br \/>\n<strong>der Kosten als Anzahlung innerhalb von 4 Tagen \u00fcberwiesen werden.<\/strong><br \/>\n<strong>Die Bankverbindung wird mit der Reservierungsbest\u00e4tigung mitgeteilt.<\/strong><\/p>\n<p><a href=\"https:\/\/mostkrug.de\/A_Wordpress\/agb-ferienwohnung\/\" target=\"_blank\" rel=\"noopener\">Hier zu den AGB\u00b4S, wie Reiser\u00fccktritt&#8230;<\/a><\/p>\n<\/div>\n<div class=\"_178zopn\">\n<div>\n<div class='fluentform ff-default fluentform_wrapper_9 ffs_default_wrap'><form data-form_id=\"9\" id=\"fluentform_9\" class=\"frm-fluent-form fluent_form_9 ff-el-form-top ff_form_instance_9_1 ff-form-loading ffs_default\" data-form_instance=\"ff_form_instance_9_1\" method=\"POST\" ><fieldset  style=\"border: none!important;margin: 0!important;padding: 0!important;background-color: transparent!important;box-shadow: none!important;outline: none!important; min-inline-size: 100%;\">\n                    <legend class=\"ff_screen_reader_title\" style=\"display: block; margin: 0!important;padding: 0!important;height: 0!important;text-indent: -999999px;width: 0!important;overflow:hidden;\">Ferienwohnung (#9)<\/legend><input type='hidden' name='__fluent_form_embded_post_id' value='81964' \/><input type=\"hidden\" id=\"_fluentform_9_fluentformnonce\" name=\"_fluentform_9_fluentformnonce\" value=\"ab6ff961fe\" \/><input type=\"hidden\" name=\"_wp_http_referer\" value=\"\/A_Wordpress\/wp-json\/wp\/v2\/pages\/81964\" \/><div data-name=\"ff_cn_id_1\"  class='ff-t-container ff-column-container ff_columns_total_2  '><div class='ff-t-cell ff-t-column-1' style='flex-basis: 50%;'><div class='ff-el-group'><div class=\"ff-el-input--label asterisk-right\"><label for='ff_9_vorname' >Vorname<\/label><\/div><div class='ff-el-input--content'><input type=\"text\" name=\"vorname\" class=\"ff-el-form-control\" id=\"ff_9_vorname\" data-name=\"vorname\"  aria-invalid=\"false\" aria-required=false><\/div><\/div><\/div><div class='ff-t-cell ff-t-column-2' style='flex-basis: 50%;'><div class='ff-el-group'><div class=\"ff-el-input--label ff-el-is-required asterisk-right\"><label for='ff_9_nachname' >Nachname<\/label><\/div><div class='ff-el-input--content'><input type=\"text\" name=\"nachname\" class=\"ff-el-form-control\" id=\"ff_9_nachname\" data-name=\"nachname\"  aria-invalid=\"false\" aria-required=true><\/div><\/div><\/div><\/div><div data-name=\"ff_cn_id_2\"  class='ff-t-container ff-column-container ff_columns_total_2  '><div class='ff-t-cell ff-t-column-1' style='flex-basis: 50%;'><div class='ff-el-group'><div class=\"ff-el-input--label ff-el-is-required asterisk-right\"><label for='ff_9_emailadresse' aria-label=\"emailadresse\">emailadresse<\/label><\/div><div class='ff-el-input--content'><input type=\"email\" name=\"emailadresse\" class=\"ff-el-form-control\" id=\"ff_9_emailadresse\" data-name=\"emailadresse\"  aria-invalid=\"false\" aria-required=true><\/div><\/div><\/div><div class='ff-t-cell ff-t-column-2' style='flex-basis: 50%;'><div class='ff-el-group'><div class=\"ff-el-input--label ff-el-is-required asterisk-right\"><label for='ff_9_telefonnummer' aria-label=\"Telefonnummer\">Telefonnummer<\/label><\/div><div class='ff-el-input--content'><input type=\"text\" name=\"telefonnummer\" class=\"ff-el-form-control\" id=\"ff_9_telefonnummer\" data-name=\"telefonnummer\"  aria-invalid=\"false\" aria-required=true><\/div><\/div><\/div><\/div><div data-name=\"ff_cn_id_3\"  class='ff-t-container ff-column-container ff_columns_total_2  '><div class='ff-t-cell ff-t-column-1' style='flex-basis: 50%;'><div class='ff-el-group'><div class=\"ff-el-input--label asterisk-right\"><label for='ff_9_Datum_von' aria-label=\"Datum_von\">Datum_von<\/label><\/div><div class='ff-el-input--content'><input  aria-label='Datum_von Use arrow keys to navigate dates. Press enter to select a date.'  aria-haspopup='dialog' data-type-datepicker data-format='d.m.Y' name=\"Datum_von\" type=\"text\" class=\"ff-el-form-control ff-el-datepicker\" id=\"ff_9_Datum_von\" data-name=\"Datum_von\"  aria-invalid='false' aria-required=false><\/div><\/div><\/div><div class='ff-t-cell ff-t-column-2' style='flex-basis: 50%;'><div class='ff-el-group'><div class=\"ff-el-input--label asterisk-right\"><label for='ff_9_Datum_bis' aria-label=\"Datum_bis\">Datum_bis<\/label><\/div><div class='ff-el-input--content'><input  aria-label='Datum_bis Use arrow keys to navigate dates. Press enter to select a date.'  aria-haspopup='dialog' data-type-datepicker data-format='d.m.Y' name=\"Datum_bis\" type=\"text\" class=\"ff-el-form-control ff-el-datepicker\" id=\"ff_9_Datum_bis\" data-name=\"Datum_bis\"  aria-invalid='false' aria-required=false><\/div><\/div><\/div><\/div><div class='ff-el-group'><div class=\"ff-el-input--label asterisk-right\"><label for='ff_9_personen_ab2' aria-label=\"Anzahl Personen ab 2 Jahren\">Anzahl Personen ab 2 Jahren<\/label><\/div><div class='ff-el-input--content'><input type=\"number\" name=\"personen_ab2\" id=\"ff_9_personen_ab2\" class=\"ff-el-form-control\" data-name=\"personen_ab2\" inputmode=\"numeric\" step=\"any\" min=\"1\" aria-valuemin=\"1\" max=\"4\" aria-valuemax=\"4\"  aria-invalid=\"false\" aria-required=false><\/div><\/div><div class='ff-el-group'><div class=\"ff-el-input--label asterisk-right\"><label for='ff_9_kinder_unter2' aria-label=\"Anzahl Personen unter 2 Jahren\">Anzahl Personen unter 2 Jahren<\/label><\/div><div class='ff-el-input--content'><input type=\"number\" name=\"kinder_unter2\" id=\"ff_9_kinder_unter2\" class=\"ff-el-form-control\" data-name=\"kinder_unter2\" inputmode=\"numeric\" step=\"any\" min=\"0\" aria-valuemin=\"0\" max=\"3\" aria-valuemax=\"3\"  aria-invalid=\"false\" aria-required=false><\/div><\/div><input type=\"hidden\" name=\"hidden\" data-name=\"hidden\" ><input type=\"hidden\" name=\"hidden_1\" data-name=\"hidden_1\" ><input type=\"hidden\" name=\"hidden_2\" data-name=\"hidden_2\" ><input type=\"hidden\" name=\"hidden_3\" data-name=\"hidden_3\" ><input type=\"hidden\" name=\"hidden_4\" data-name=\"hidden_4\" ><input type=\"hidden\" name=\"hidden_5\" data-name=\"hidden_5\" ><input type=\"hidden\" name=\"hidden_6\" data-name=\"hidden_6\" ><input type=\"hidden\" name=\"hidden_7\" data-name=\"hidden_7\" ><input type=\"hidden\" name=\"hidden_8\" data-name=\"hidden_8\" ><input type=\"hidden\" name=\"hidden_9\" data-name=\"hidden_9\" ><div class='ff-el-group  ff-custom_html' tabindex='-1' data-name=\"custom_html-9_1\" ><div id=\"ff-preis-view\"><\/div><\/div><div class='ff-el-group'><div class=\"ff-el-input--label asterisk-right\"><label for='ff_9_anmerkung' aria-label=\"Anmerkungen, Alter der Kinder...\">Anmerkungen, Alter der Kinder...<\/label><\/div><div class='ff-el-input--content'><textarea aria-invalid=\"false\" aria-required=false name=\"anmerkung\" class=\"ff-el-form-control\" id=\"ff_9_anmerkung\" rows=\"4\" cols=\"2\" data-name=\"anmerkung\" ><\/textarea><\/div><\/div><div class='ff-el-group    ff-el-input--content'><div class='ff-el-form-check ff-el-tc'><label aria-label='Ich bin damit einverstanden, dass diese Website meine eingereichten Informationen speichert, damit sie auf meine Anfrage antworten k\u00f6nnen' class='ff-el-form-check-label ff_tc_label' for=gdpr-agreement_fe347906f1e64224f923249ea92816c9><span class='ff_tc_checkbox'><input type=\"checkbox\" name=\"gdpr-agreement\" class=\"ff-el-form-check-input ff_gdpr_field\" data-name=\"gdpr-agreement\" id=\"gdpr-agreement_fe347906f1e64224f923249ea92816c9\"  value='on' aria-invalid='false' aria-required=true><\/span> <div class='ff_t_c'>Ich bin damit einverstanden, dass diese Website meine eingereichten Informationen speichert, damit sie auf meine Anfrage antworten k\u00f6nnen<\/div><\/label><\/div><\/div><div class='ff-el-group ff-text-left ff_submit_btn_wrapper'><button type=\"submit\" class=\"ff-btn ff-btn-submit ff-btn-md ff_btn_style\" >Absenden<\/button><\/div><\/fieldset><\/form><div id='fluentform_9_errors' class='ff-errors-in-stack ff_form_instance_9_1 ff-form-loading_errors ff_form_instance_9_1_errors'><\/div><\/div>            <script type=\"text\/javascript\">\n                window.fluent_form_ff_form_instance_9_1 = {\"id\":\"9\",\"settings\":{\"layout\":{\"labelPlacement\":\"top\",\"asteriskPlacement\":\"asterisk-right\",\"helpMessagePlacement\":\"with_label\",\"errorMessagePlacement\":\"inline\",\"cssClassName\":\"\"},\"restrictions\":{\"denyEmptySubmission\":{\"enabled\":false}}},\"form_instance\":\"ff_form_instance_9_1\",\"form_id_selector\":\"fluentform_9\",\"rules\":{\"vorname\":{\"required\":{\"value\":false,\"message\":\"This field is required\",\"global\":false,\"global_message\":\"Dieses Feld ist erforderlich\"}},\"nachname\":{\"required\":{\"value\":true,\"message\":\"This field is required\",\"global\":false,\"global_message\":\"Dieses Feld ist erforderlich\"}},\"emailadresse\":{\"required\":{\"value\":true,\"message\":\"This field is required\",\"global\":false,\"global_message\":\"Dieses Feld ist erforderlich\"},\"email\":{\"value\":true,\"message\":\"This field must contain a valid email\",\"global\":false,\"global_message\":\"Dieses Feld muss eine g\\u00fcltige E-Mail-Adresse enthalten\"}},\"telefonnummer\":{\"required\":{\"value\":true,\"message\":\"This field is required\",\"global\":false,\"global_message\":\"Dieses Feld ist erforderlich\"}},\"Datum_von\":{\"required\":{\"value\":false,\"message\":\"This field is required\",\"global\":false,\"global_message\":\"Dieses Feld ist erforderlich\"}},\"Datum_bis\":{\"required\":{\"value\":false,\"message\":\"This field is required\",\"global\":false,\"global_message\":\"Dieses Feld ist erforderlich\"}},\"personen_ab2\":{\"required\":{\"value\":false,\"message\":\"Dieses Feld ist erforderlich\",\"global\":false,\"global_message\":\"Dieses Feld ist erforderlich\"},\"numeric\":{\"value\":true,\"message\":\"Dieses Feld muss einen numerischen Wert enthalten\",\"global\":false,\"global_message\":\"Dieses Feld muss einen numerischen Wert enthalten\"},\"min\":{\"value\":\"1\",\"message\":\"Minimum value is \",\"global\":false,\"global_message\":\"Validation fails for minimum value\"},\"max\":{\"value\":\"4\",\"message\":\"Maximum value is \",\"global\":false,\"global_message\":\"Validation fails for maximum value\"}},\"kinder_unter2\":{\"required\":{\"value\":false,\"message\":\"Dieses Feld ist erforderlich\",\"global\":false,\"global_message\":\"Dieses Feld ist erforderlich\"},\"numeric\":{\"value\":true,\"message\":\"Dieses Feld muss einen numerischen Wert enthalten\",\"global\":false,\"global_message\":\"Dieses Feld muss einen numerischen Wert enthalten\"},\"min\":{\"value\":\"0\",\"message\":\"Minimum value is \",\"global\":false,\"global_message\":\"Validation fails for minimum value\"},\"max\":{\"value\":\"3\",\"message\":\"Maximum value is \",\"global\":false,\"global_message\":\"Validation fails for maximum value\"}},\"anmerkung\":{\"required\":{\"value\":false,\"message\":\"This field is required\",\"global\":false,\"global_message\":\"Dieses Feld ist erforderlich\"}},\"gdpr-agreement\":{\"required\":{\"value\":true,\"message\":\"Dieses Feld ist erforderlich\",\"global_message\":\"Dieses Feld ist erforderlich\",\"global\":true}}},\"debounce_time\":300};\n                            <\/script>\n            \n<\/div>\n<\/div>\n","protected":false},"excerpt":{"rendered":"<p>Apartment info english Die Ferienwohnung im Mostkrug Reservierungsformular ganz unten In dem alten Bauernhaus wurde das Dachgeschoss liebevoll ausgebaut. Auf einer Fl\u00e4che von 65 qm ist ein Badzimmer mit Waschbecken, Dusche und WC sowie ein franz\u00f6sisches Bett (140cm breit) und<\/p>\n","protected":false},"author":1,"featured_media":0,"parent":0,"menu_order":0,"comment_status":"closed","ping_status":"closed","template":"","meta":{"ngg_post_thumbnail":0},"jetpack_sharing_enabled":true,"jetpack_shortlink":"https:\/\/wp.me\/P88xua-lk0","_links":{"self":[{"href":"https:\/\/mostkrug.de\/A_Wordpress\/wp-json\/wp\/v2\/pages\/81964"}],"collection":[{"href":"https:\/\/mostkrug.de\/A_Wordpress\/wp-json\/wp\/v2\/pages"}],"about":[{"href":"https:\/\/mostkrug.de\/A_Wordpress\/wp-json\/wp\/v2\/types\/page"}],"author":[{"embeddable":true,"href":"https:\/\/mostkrug.de\/A_Wordpress\/wp-json\/wp\/v2\/users\/1"}],"replies":[{"embeddable":true,"href":"https:\/\/mostkrug.de\/A_Wordpress\/wp-json\/wp\/v2\/comments?post=81964"}],"version-history":[{"count":30,"href":"https:\/\/mostkrug.de\/A_Wordpress\/wp-json\/wp\/v2\/pages\/81964\/revisions"}],"predecessor-version":[{"id":82894,"href":"https:\/\/mostkrug.de\/A_Wordpress\/wp-json\/wp\/v2\/pages\/81964\/revisions\/82894"}],"wp:attachment":[{"href":"https:\/\/mostkrug.de\/A_Wordpress\/wp-json\/wp\/v2\/media?parent=81964"}],"curies":[{"name":"wp","href":"https:\/\/api.w.org\/{rel}","templated":true}]}}