{"id":82099,"date":"2023-03-15T18:18:34","date_gmt":"2023-03-15T17:18:34","guid":{"rendered":"https:\/\/mostkrug.de\/A_Wordpress\/?page_id=82099"},"modified":"2023-03-15T18:19:37","modified_gmt":"2023-03-15T17:19:37","slug":"falkencam2022","status":"publish","type":"page","link":"https:\/\/mostkrug.de\/A_Wordpress\/falkencam2022\/","title":{"rendered":"FalkenCam2022"},"content":{"rendered":"<p>Der Router wurde Ende Mai durch ein Gewitter zerst\u00f6rt.<br \/>\nAm 10.06.2022 wurde ein neuer Router installiert, die Kameras sind wieder online.<\/p>\n<p><strong>Am 30.07.2022 wurden die Kameras abgeschaltet, alle V\u00f6gel sind ausgeflogen.<\/strong><\/p>\n<p>Der Horst an der Ostseite sollte um einiges vergr\u00f6\u00dfert werden, vor allem auch in der H\u00f6he.<br \/>\nZum einen kann die Kamera an der Decke montiert, was eine viel bessere Sicht verschafft, zum anderen<br \/>\nist es bei gro\u00dfer Hitze (dieser Horst ist sehr stark der Sonne ausgesetzt) f\u00fcr die V\u00f6gel angenehmer.<\/p>\n<h3><strong>Dohlen-Info:<\/strong><\/h3>\n<ul>\n<li>Am 19.04.2022 sind drei Eier der Dohlen im Nest.<\/li>\n<li>Seit 26.04.2022 sind f\u00fcnf Eier der Dohlen zu sehen.<\/li>\n<li>Am 05.05.2022 ist das erste K\u00fccken geschl\u00fcpft<\/li>\n<li>Am 06.05.2022 noch zwei K\u00fccken geschl\u00fcpft, jetzt schon zu dritt<\/li>\n<li>Am 08.05.2022 noch zwei K\u00fccken geschl\u00fcpft, jetzt schon zu f\u00fcnft<\/li>\n<li>Ein K\u00fccken hat es nicht geschafft<\/li>\n<li>Seit dem 15.05.2022 bekommen die vier V\u00f6gelchen einen leichten Flaum<\/li>\n<li>und werden von beiden Eltern im 15 Minutentakt gef\u00fcttert.<\/li>\n<li>23.05.2022 die vier Dohlen gedeihen pr\u00e4chtig und haben jetzt ein dunkles Federkleid<\/li>\n<li>03.06.2022 die Dohlen sind bald fl\u00fcgge<\/li>\n<li>10.06.2022 die vier Jungv\u00f6gel k\u00f6nnen fliegen und sind nur noch ab und zu im Nest<\/li>\n<li>20.06.2022 Die Dohlen sind ausgeflogen<\/li>\n<\/ul>\n<h3><a href=\"http:\/\/mostkrug.selfhost.eu:8889\/videostream.cgi?user=[Gast]&amp;pwd=[Gast]\">Nistbereich der Dohlen, hier zum Live Video<\/a><br \/>\nBenutzername: Gast<br \/>\nPasswort: Gast<\/h3>\n<p><img decoding=\"async\" loading=\"lazy\" class=\"size-medium wp-image-81755\" src=\"https:\/\/mostkrug.de\/A_Wordpress\/wp-content\/uploads\/2022\/05\/IMG_8047-300x225.jpg\" alt=\"\" width=\"300\" height=\"225\" srcset=\"https:\/\/mostkrug.de\/A_Wordpress\/wp-content\/uploads\/2022\/05\/IMG_8047-300x225.jpg 300w, https:\/\/mostkrug.de\/A_Wordpress\/wp-content\/uploads\/2022\/05\/IMG_8047-600x450.jpg 600w, https:\/\/mostkrug.de\/A_Wordpress\/wp-content\/uploads\/2022\/05\/IMG_8047.jpg 640w\" sizes=\"(max-width: 300px) 100vw, 300px\" \/><\/p>\n<p><img decoding=\"async\" loading=\"lazy\" class=\"size-medium wp-image-81758\" src=\"https:\/\/mostkrug.de\/A_Wordpress\/wp-content\/uploads\/2022\/05\/IMG_8062-300x225.jpg\" alt=\"f\u00fcnf Eier (01.05.2022)&nbsp;\" width=\"300\" height=\"225\" srcset=\"https:\/\/mostkrug.de\/A_Wordpress\/wp-content\/uploads\/2022\/05\/IMG_8062-300x225.jpg 300w, https:\/\/mostkrug.de\/A_Wordpress\/wp-content\/uploads\/2022\/05\/IMG_8062-600x450.jpg 600w, https:\/\/mostkrug.de\/A_Wordpress\/wp-content\/uploads\/2022\/05\/IMG_8062.jpg 640w\" sizes=\"(max-width: 300px) 100vw, 300px\" \/><\/p>\n<p><a href=\"https:\/\/mostkrug.de\/A_Wordpress\/wp-content\/uploads\/2022\/05\/IMG_8127.mov\" target=\"_blank\" rel=\"noopener\">Video F\u00fctterung vom 10.05.2022<\/a><\/p>\n<figure id=\"attachment_81827\" aria-describedby=\"caption-attachment-81827\" style=\"width: 300px\" class=\"wp-caption alignnone\"><img decoding=\"async\" loading=\"lazy\" class=\"size-medium wp-image-81827\" src=\"https:\/\/mostkrug.de\/A_Wordpress\/wp-content\/uploads\/2022\/06\/IMG_8358-300x256.jpeg\" alt=\"Dohlen 03.06.2022\" width=\"300\" height=\"256\" srcset=\"https:\/\/mostkrug.de\/A_Wordpress\/wp-content\/uploads\/2022\/06\/IMG_8358-300x256.jpeg 300w, https:\/\/mostkrug.de\/A_Wordpress\/wp-content\/uploads\/2022\/06\/IMG_8358-600x512.jpeg 600w, https:\/\/mostkrug.de\/A_Wordpress\/wp-content\/uploads\/2022\/06\/IMG_8358.jpeg 750w\" sizes=\"(max-width: 300px) 100vw, 300px\" \/><figcaption id=\"caption-attachment-81827\" class=\"wp-caption-text\">Dohlen 03.06.2022<\/figcaption><\/figure>\n<p>Die Dohle legt 3 bis 6 Eier. Das Weibchen br\u00fctet die Eier alleine aus, das M\u00e4nnchen beschafft die Nahrung.<br \/>\nDie Brutdauer betr\u00e4gt ungef\u00e4hr 18 Tage. Die jungen Dohlen sind dann ungef\u00e4hr einen Monat im Nest<br \/>\nund werden von beiden Eltern mit Nahrung versorgt.<\/p>\n<p><a href=\"https:\/\/www.brodowski-fotografie.de\/beobachtungen\/dohle.html\" target=\"_blank\" rel=\"noopener\">Sehr interessante Infos zu der Dohle<\/a><\/p>\n<p>&nbsp;<\/p>\n<h3><strong>Falken-Info:<\/strong><\/h3>\n<p>Die Brutzeit betr\u00e4gt ca. 30 Tage, das heist um den 23.06.2022 sollten die ersten Falken schl\u00fcpfen.<\/p>\n<ul>\n<li>Am 23.05.2022 sind zwei Eier der Turmfalken im Nest.<\/li>\n<li>Seit 24.05.2022 sind es drei Eier und die Mutter dreht die Eier flei\u00dfig<\/li>\n<li>Seit 27.05.2022 sind es vier Eier<\/li>\n<li>Seit 29.05.2022 sind es f\u00fcnf Eier<\/li>\n<li>Am 25.06.2022 sind drei bis vier (ich kanns nicht genau erkennen) Falkenk\u00fccken geschl\u00fcpft<\/li>\n<li>Seit 26.06.2022 sind aus allen f\u00fcnf Eiern die Falkenk\u00fccken geschl\u00fcpft<\/li>\n<li>Am 22.07.2022 sind noch drei Falken \u00fcbrig. Sie haben sich in den Kamerabereich zur\u00fcckgezogen.<\/li>\n<li>Am 22.07.2022 alle drei Falken sind gut entwickelt mit ausgepr\u00e4gter rotbrauner Zeichnung.<\/li>\n<li>Am 24.07.2022 ist ein Falke der schon gut entwickelt war gestorben. Es war die letzten Tage sehr hei\u00df.<\/li>\n<li>Am 29.07.2022 die zwei Falken machen die ersten Rundfl\u00fcge.<\/li>\n<\/ul>\n<h3><a href=\"http:\/\/mostkrug.selfhost.eu:8888\/videostream.cgi?cmd=snapPicture2&amp;usr=Gast&amp;pwd=Gast\" target=\"_blank\" rel=\"noopener\">Nistbereich der Falken, hier zum Live Video<\/a><br \/>\nBenutzername: Gast<br \/>\nPasswort: Gast<\/h3>\n<p><img decoding=\"async\" loading=\"lazy\" class=\"alignnone wp-image-81783\" src=\"https:\/\/mostkrug.de\/A_Wordpress\/wp-content\/uploads\/2022\/05\/Falkeneier-2022-05-23-at-11.57.56-169x300.jpeg\" alt=\"\" width=\"182\" height=\"323\" srcset=\"https:\/\/mostkrug.de\/A_Wordpress\/wp-content\/uploads\/2022\/05\/Falkeneier-2022-05-23-at-11.57.56-169x300.jpeg 169w, https:\/\/mostkrug.de\/A_Wordpress\/wp-content\/uploads\/2022\/05\/Falkeneier-2022-05-23-at-11.57.56-576x1024.jpeg 576w, https:\/\/mostkrug.de\/A_Wordpress\/wp-content\/uploads\/2022\/05\/Falkeneier-2022-05-23-at-11.57.56-768x1365.jpeg 768w, https:\/\/mostkrug.de\/A_Wordpress\/wp-content\/uploads\/2022\/05\/Falkeneier-2022-05-23-at-11.57.56-864x1536.jpeg 864w, https:\/\/mostkrug.de\/A_Wordpress\/wp-content\/uploads\/2022\/05\/Falkeneier-2022-05-23-at-11.57.56-600x1067.jpeg 600w, https:\/\/mostkrug.de\/A_Wordpress\/wp-content\/uploads\/2022\/05\/Falkeneier-2022-05-23-at-11.57.56.jpeg 900w\" sizes=\"(max-width: 182px) 100vw, 182px\" \/><\/p>\n<p><img decoding=\"async\" loading=\"lazy\" class=\"alignnone wp-image-81782\" src=\"https:\/\/mostkrug.de\/A_Wordpress\/wp-content\/uploads\/2022\/05\/Falke-2022-05-23-at-18.19.38-300x225.jpeg\" alt=\"\" width=\"223\" height=\"167\" srcset=\"https:\/\/mostkrug.de\/A_Wordpress\/wp-content\/uploads\/2022\/05\/Falke-2022-05-23-at-18.19.38-300x225.jpeg 300w, https:\/\/mostkrug.de\/A_Wordpress\/wp-content\/uploads\/2022\/05\/Falke-2022-05-23-at-18.19.38-600x450.jpeg 600w, https:\/\/mostkrug.de\/A_Wordpress\/wp-content\/uploads\/2022\/05\/Falke-2022-05-23-at-18.19.38.jpeg 640w\" sizes=\"(max-width: 223px) 100vw, 223px\" \/><\/p>\n<p><img decoding=\"async\" loading=\"lazy\" class=\"alignnone wp-image-81829\" src=\"https:\/\/mostkrug.de\/A_Wordpress\/wp-content\/uploads\/2022\/06\/IMG_8330-300x225.jpg\" alt=\"\" width=\"231\" height=\"173\" srcset=\"https:\/\/mostkrug.de\/A_Wordpress\/wp-content\/uploads\/2022\/06\/IMG_8330-300x225.jpg 300w, https:\/\/mostkrug.de\/A_Wordpress\/wp-content\/uploads\/2022\/06\/IMG_8330-600x450.jpg 600w, https:\/\/mostkrug.de\/A_Wordpress\/wp-content\/uploads\/2022\/06\/IMG_8330.jpg 640w\" sizes=\"(max-width: 231px) 100vw, 231px\" \/><\/p>\n<p><a href=\"https:\/\/baden-wuerttemberg.nabu.de\/tiere-und-pflanzen\/voegel\/wanderfalkenwebcam\/26048.html\" target=\"_blank\" rel=\"noopener\">NABU Fellbach mit interessanten Infos zu Greifv\u00f6geln und Falken-WebCAm&nbsp;<\/a><\/p>\n<p>zur Technik:<\/p>\n<p>Mit einer kleinen WLAN-Richtfunkstrecke zwischen Kirchturm und Mostkrug<br \/>\nvon 100 Metern wurde ein Router (im Bridge with AP Mode) als AccessPoint (im Kirchturm) in das Mostkrug-Netzwerk eingebunden.<br \/>\nDieser macht auf der einen Seite die Richtfunkstrecke zum Mostkrug, auf der anderen Seite stellt er ein Wlan im Kirchturm zur Verf\u00fcgung.<br \/>\nIn dieses Kirchturm-Wlan sind zwei PTZ Webcams mit Wlan angebunden.<br \/>\nDie Cameras haben einen auch einen Infrarot-Nachtsichtmodus.<\/p>\n","protected":false},"excerpt":{"rendered":"<p>Der Router wurde Ende Mai durch ein Gewitter zerst\u00f6rt. Am 10.06.2022 wurde ein neuer Router installiert, die Kameras sind wieder online. Am 30.07.2022 wurden die Kameras abgeschaltet, alle V\u00f6gel sind ausgeflogen. Der Horst an der Ostseite sollte um einiges vergr\u00f6\u00dfert<\/p>\n","protected":false},"author":1,"featured_media":0,"parent":0,"menu_order":0,"comment_status":"closed","ping_status":"closed","template":"","meta":{"ngg_post_thumbnail":0},"jetpack_sharing_enabled":true,"jetpack_shortlink":"https:\/\/wp.me\/P88xua-lmb","_links":{"self":[{"href":"https:\/\/mostkrug.de\/A_Wordpress\/wp-json\/wp\/v2\/pages\/82099"}],"collection":[{"href":"https:\/\/mostkrug.de\/A_Wordpress\/wp-json\/wp\/v2\/pages"}],"about":[{"href":"https:\/\/mostkrug.de\/A_Wordpress\/wp-json\/wp\/v2\/types\/page"}],"author":[{"embeddable":true,"href":"https:\/\/mostkrug.de\/A_Wordpress\/wp-json\/wp\/v2\/users\/1"}],"replies":[{"embeddable":true,"href":"https:\/\/mostkrug.de\/A_Wordpress\/wp-json\/wp\/v2\/comments?post=82099"}],"version-history":[{"count":2,"href":"https:\/\/mostkrug.de\/A_Wordpress\/wp-json\/wp\/v2\/pages\/82099\/revisions"}],"predecessor-version":[{"id":82101,"href":"https:\/\/mostkrug.de\/A_Wordpress\/wp-json\/wp\/v2\/pages\/82099\/revisions\/82101"}],"wp:attachment":[{"href":"https:\/\/mostkrug.de\/A_Wordpress\/wp-json\/wp\/v2\/media?parent=82099"}],"curies":[{"name":"wp","href":"https:\/\/api.w.org\/{rel}","templated":true}]}}

<p>Der Router wurde Ende Mai durch ein Gewitter zerstört.<br />
Am 10.06.2022 wurde ein neuer Router installiert, die Kameras sind wieder online.</p>
<p><strong>Am 30.07.2022 wurden die Kameras abgeschaltet, alle Vögel sind ausgeflogen.</strong></p>
<p>Der Horst an der Ostseite sollte um einiges vergrößert werden, vor allem auch in der Höhe.<br />
Zum einen kann die Kamera an der Decke montiert, was eine viel bessere Sicht verschafft, zum anderen<br />
ist es bei großer Hitze (dieser Horst ist sehr stark der Sonne ausgesetzt) für die Vögel angenehmer.</p>
<h3><strong>Dohlen-Info:</strong></h3>
<ul>
<li>Am 19.04.2022 sind drei Eier der Dohlen im Nest.</li>
<li>Seit 26.04.2022 sind fünf Eier der Dohlen zu sehen.</li>
<li>Am 05.05.2022 ist das erste Kücken geschlüpft</li>
<li>Am 06.05.2022 noch zwei Kücken geschlüpft, jetzt schon zu dritt</li>
<li>Am 08.05.2022 noch zwei Kücken geschlüpft, jetzt schon zu fünft</li>
<li>Ein Kücken hat es nicht geschafft</li>
<li>Seit dem 15.05.2022 bekommen die vier Vögelchen einen leichten Flaum</li>
<li>und werden von beiden Eltern im 15 Minutentakt gefüttert.</li>
<li>23.05.2022 die vier Dohlen gedeihen prächtig und haben jetzt ein dunkles Federkleid</li>
<li>03.06.2022 die Dohlen sind bald flügge</li>
<li>10.06.2022 die vier Jungvögel können fliegen und sind nur noch ab und zu im Nest</li>
<li>20.06.2022 Die Dohlen sind ausgeflogen</li>
</ul>
<h3><a href="http://mostkrug.selfhost.eu:8889/videostream.cgi?user=[Gast]&amp;pwd=[Gast]">Nistbereich der Dohlen, hier zum Live Video</a><br />
Benutzername: Gast<br />
Passwort: Gast</h3>
<p><img decoding="async" loading="lazy" class="size-medium wp-image-81755" src="https://mostkrug.de/A_Wordpress/wp-content/uploads/2022/05/IMG_8047-300x225.jpg" alt="" width="300" height="225" srcset="https://mostkrug.de/A_Wordpress/wp-content/uploads/2022/05/IMG_8047-300x225.jpg 300w, https://mostkrug.de/A_Wordpress/wp-content/uploads/2022/05/IMG_8047-600x450.jpg 600w, https://mostkrug.de/A_Wordpress/wp-content/uploads/2022/05/IMG_8047.jpg 640w" sizes="(max-width: 300px) 100vw, 300px" /></p>
<p><img decoding="async" loading="lazy" class="size-medium wp-image-81758" src="https://mostkrug.de/A_Wordpress/wp-content/uploads/2022/05/IMG_8062-300x225.jpg" alt="fünf Eier (01.05.2022)&nbsp;" width="300" height="225" srcset="https://mostkrug.de/A_Wordpress/wp-content/uploads/2022/05/IMG_8062-300x225.jpg 300w, https://mostkrug.de/A_Wordpress/wp-content/uploads/2022/05/IMG_8062-600x450.jpg 600w, https://mostkrug.de/A_Wordpress/wp-content/uploads/2022/05/IMG_8062.jpg 640w" sizes="(max-width: 300px) 100vw, 300px" /></p>
<p><a href="https://mostkrug.de/A_Wordpress/wp-content/uploads/2022/05/IMG_8127.mov" target="_blank" rel="noopener">Video Fütterung vom 10.05.2022</a></p>
<figure id="attachment_81827" aria-describedby="caption-attachment-81827" style="width: 300px" class="wp-caption alignnone"><img decoding="async" loading="lazy" class="size-medium wp-image-81827" src="https://mostkrug.de/A_Wordpress/wp-content/uploads/2022/06/IMG_8358-300x256.jpeg" alt="Dohlen 03.06.2022" width="300" height="256" srcset="https://mostkrug.de/A_Wordpress/wp-content/uploads/2022/06/IMG_8358-300x256.jpeg 300w, https://mostkrug.de/A_Wordpress/wp-content/uploads/2022/06/IMG_8358-600x512.jpeg 600w, https://mostkrug.de/A_Wordpress/wp-content/uploads/2022/06/IMG_8358.jpeg 750w" sizes="(max-width: 300px) 100vw, 300px" /><figcaption id="caption-attachment-81827" class="wp-caption-text">Dohlen 03.06.2022</figcaption></figure>
<p>Die Dohle legt 3 bis 6 Eier. Das Weibchen brütet die Eier alleine aus, das Männchen beschafft die Nahrung.<br />
Die Brutdauer beträgt ungefähr 18 Tage. Die jungen Dohlen sind dann ungefähr einen Monat im Nest<br />
und werden von beiden Eltern mit Nahrung versorgt.</p>
<p><a href="https://www.brodowski-fotografie.de/beobachtungen/dohle.html" target="_blank" rel="noopener">Sehr interessante Infos zu der Dohle</a></p>
<p>&nbsp;</p>
<h3><strong>Falken-Info:</strong></h3>
<p>Die Brutzeit beträgt ca. 30 Tage, das heist um den 23.06.2022 sollten die ersten Falken schlüpfen.</p>
<ul>
<li>Am 23.05.2022 sind zwei Eier der Turmfalken im Nest.</li>
<li>Seit 24.05.2022 sind es drei Eier und die Mutter dreht die Eier fleißig</li>
<li>Seit 27.05.2022 sind es vier Eier</li>
<li>Seit 29.05.2022 sind es fünf Eier</li>
<li>Am 25.06.2022 sind drei bis vier (ich kanns nicht genau erkennen) Falkenkücken geschlüpft</li>
<li>Seit 26.06.2022 sind aus allen fünf Eiern die Falkenkücken geschlüpft</li>
<li>Am 22.07.2022 sind noch drei Falken übrig. Sie haben sich in den Kamerabereich zurückgezogen.</li>
<li>Am 22.07.2022 alle drei Falken sind gut entwickelt mit ausgeprägter rotbrauner Zeichnung.</li>
<li>Am 24.07.2022 ist ein Falke der schon gut entwickelt war gestorben. Es war die letzten Tage sehr heiß.</li>
<li>Am 29.07.2022 die zwei Falken machen die ersten Rundflüge.</li>
</ul>
<h3><a href="http://mostkrug.selfhost.eu:8888/videostream.cgi?cmd=snapPicture2&amp;usr=Gast&amp;pwd=Gast" target="_blank" rel="noopener">Nistbereich der Falken, hier zum Live Video</a><br />
Benutzername: Gast<br />
Passwort: Gast</h3>
<p><img decoding="async" loading="lazy" class="alignnone wp-image-81783" src="https://mostkrug.de/A_Wordpress/wp-content/uploads/2022/05/Falkeneier-2022-05-23-at-11.57.56-169x300.jpeg" alt="" width="182" height="323" srcset="https://mostkrug.de/A_Wordpress/wp-content/uploads/2022/05/Falkeneier-2022-05-23-at-11.57.56-169x300.jpeg 169w, https://mostkrug.de/A_Wordpress/wp-content/uploads/2022/05/Falkeneier-2022-05-23-at-11.57.56-576x1024.jpeg 576w, https://mostkrug.de/A_Wordpress/wp-content/uploads/2022/05/Falkeneier-2022-05-23-at-11.57.56-768x1365.jpeg 768w, https://mostkrug.de/A_Wordpress/wp-content/uploads/2022/05/Falkeneier-2022-05-23-at-11.57.56-864x1536.jpeg 864w, https://mostkrug.de/A_Wordpress/wp-content/uploads/2022/05/Falkeneier-2022-05-23-at-11.57.56-600x1067.jpeg 600w, https://mostkrug.de/A_Wordpress/wp-content/uploads/2022/05/Falkeneier-2022-05-23-at-11.57.56.jpeg 900w" sizes="(max-width: 182px) 100vw, 182px" /></p>
<p><img decoding="async" loading="lazy" class="alignnone wp-image-81782" src="https://mostkrug.de/A_Wordpress/wp-content/uploads/2022/05/Falke-2022-05-23-at-18.19.38-300x225.jpeg" alt="" width="223" height="167" srcset="https://mostkrug.de/A_Wordpress/wp-content/uploads/2022/05/Falke-2022-05-23-at-18.19.38-300x225.jpeg 300w, https://mostkrug.de/A_Wordpress/wp-content/uploads/2022/05/Falke-2022-05-23-at-18.19.38-600x450.jpeg 600w, https://mostkrug.de/A_Wordpress/wp-content/uploads/2022/05/Falke-2022-05-23-at-18.19.38.jpeg 640w" sizes="(max-width: 223px) 100vw, 223px" /></p>
<p><img decoding="async" loading="lazy" class="alignnone wp-image-81829" src="https://mostkrug.de/A_Wordpress/wp-content/uploads/2022/06/IMG_8330-300x225.jpg" alt="" width="231" height="173" srcset="https://mostkrug.de/A_Wordpress/wp-content/uploads/2022/06/IMG_8330-300x225.jpg 300w, https://mostkrug.de/A_Wordpress/wp-content/uploads/2022/06/IMG_8330-600x450.jpg 600w, https://mostkrug.de/A_Wordpress/wp-content/uploads/2022/06/IMG_8330.jpg 640w" sizes="(max-width: 231px) 100vw, 231px" /></p>
<p><a href="https://baden-wuerttemberg.nabu.de/tiere-und-pflanzen/voegel/wanderfalkenwebcam/26048.html" target="_blank" rel="noopener">NABU Fellbach mit interessanten Infos zu Greifvögeln und Falken-WebCAm&nbsp;</a></p>
<p>zur Technik:</p>
<p>Mit einer kleinen WLAN-Richtfunkstrecke zwischen Kirchturm und Mostkrug<br />
von 100 Metern wurde ein Router (im Bridge with AP Mode) als AccessPoint (im Kirchturm) in das Mostkrug-Netzwerk eingebunden.<br />
Dieser macht auf der einen Seite die Richtfunkstrecke zum Mostkrug, auf der anderen Seite stellt er ein Wlan im Kirchturm zur Verfügung.<br />
In dieses Kirchturm-Wlan sind zwei PTZ Webcams mit Wlan angebunden.<br />
Die Cameras haben einen auch einen Infrarot-Nachtsichtmodus.</p>

<p>Der Router wurde Ende Mai durch ein Gewitter zerstört. Am 10.06.2022 wurde ein neuer Router installiert, die Kameras sind wieder online. Am 30.07.2022 wurden die Kameras abgeschaltet, alle Vögel sind ausgeflogen. Der Horst an der Ostseite sollte um einiges vergrößert</p>
